CRAN Package Check Results for Package behavr

Last updated on 2021-12-04 08:50:40 CET.

Flavor Version Tinstall Tcheck Ttotal Status Flags
r-devel-linux-x86_64-debian-clang 0.3.2 3.74 62.94 66.68 NOTE
r-devel-linux-x86_64-debian-gcc 0.3.2 2.78 41.99 44.77 NOTE
r-devel-linux-x86_64-fedora-clang 0.3.2 73.90 NOTE
r-devel-linux-x86_64-fedora-gcc 0.3.2 55.50 NOTE
r-devel-windows-x86_64-new-UL 0.3.2 10.00 81.00 91.00 NOTE
r-devel-windows-x86_64-new-TK 0.3.2 NOTE
r-devel-windows-x86_64-old 0.3.2 6.00 47.00 53.00 NOTE
r-patched-linux-x86_64 0.3.2 4.02 42.82 46.84 NOTE
r-release-linux-x86_64 0.3.2 3.43 43.03 46.46 NOTE
r-release-macos-arm64 0.3.2 NOTE
r-release-macos-x86_64 0.3.2 NOTE
r-release-windows-ix86+x86_64 0.3.2 7.00 63.00 70.00 NOTE
r-oldrel-macos-x86_64 0.3.2 OK
r-oldrel-windows-ix86+x86_64 0.3.2 26.00 61.00 87.00 OK

Check Details

Version: 0.3.2
Check: LazyData
Result: NOTE
     'LazyData' is specified without a 'data' directory
Flavors: r-devel-linux-x86_64-debian-clang, r-devel-linux-x86_64-debian-gcc, r-devel-linux-x86_64-fedora-clang, r-devel-linux-x86_64-fedora-gcc, r-devel-windows-x86_64-new-UL, r-devel-windows-x86_64-new-TK, r-devel-windows-x86_64-old, r-patched-linux-x86_64, r-release-linux-x86_64, r-release-macos-arm64, r-release-macos-x86_64, r-release-windows-ix86+x86_64