CRAN Package Check Results for Package behavr

Last updated on 2024-05-18 13:49:14 CEST.

Flavor Version Tinstall Tcheck Ttotal Status Flags
r-devel-linux-x86_64-debian-clang 0.3.2 3.57 44.24 47.81 NOTE
r-devel-linux-x86_64-debian-gcc 0.3.2 2.57 37.82 40.39 NOTE
r-devel-linux-x86_64-fedora-clang 0.3.2 75.84 NOTE
r-devel-linux-x86_64-fedora-gcc 0.3.2 83.68 NOTE
r-devel-windows-x86_64 0.3.2 3.00 56.00 59.00 NOTE
r-patched-linux-x86_64 0.3.2 3.21 46.60 49.81 NOTE
r-release-linux-x86_64 0.3.2 3.14 47.50 50.64 NOTE
r-release-macos-arm64 0.3.2 22.00 NOTE
r-release-windows-x86_64 0.3.2 3.00 57.00 60.00 NOTE
r-oldrel-macos-arm64 0.3.2 23.00 NOTE
r-oldrel-macos-x86_64 0.3.2 33.00 NOTE
r-oldrel-windows-x86_64 0.3.2 4.00 61.00 65.00 NOTE

Check Details

Version: 0.3.2
Check: LazyData
Result: NOTE 'LazyData' is specified without a 'data' directory Flavors: r-devel-linux-x86_64-debian-clang, r-devel-linux-x86_64-debian-gcc, r-devel-linux-x86_64-fedora-clang, r-devel-linux-x86_64-fedora-gcc, r-devel-windows-x86_64, r-patched-linux-x86_64, r-release-linux-x86_64, r-release-macos-arm64, r-release-windows-x86_64, r-oldrel-macos-arm64, r-oldrel-macos-x86_64, r-oldrel-windows-x86_64