Last updated on 2023-05-31 23:27:13 CEST.
Flavor | Version | Tinstall | Tcheck | Ttotal | Status | Flags |
---|---|---|---|---|---|---|
r-devel-linux-x86_64-debian-clang | 0.3.2 | 3.26 | 59.42 | 62.68 | NOTE | |
r-devel-linux-x86_64-debian-gcc | 0.3.2 | 2.54 | 36.67 | 39.21 | NOTE | |
r-devel-linux-x86_64-fedora-clang | 0.3.2 | 67.42 | NOTE | |||
r-devel-linux-x86_64-fedora-gcc | 0.3.2 | 57.32 | NOTE | |||
r-devel-windows-x86_64 | 0.3.2 | 7.00 | 52.00 | 59.00 | NOTE | |
r-patched-linux-x86_64 | 0.3.2 | NOTE | ||||
r-release-linux-x86_64 | 0.3.2 | 2.98 | 45.81 | 48.79 | NOTE | |
r-release-macos-arm64 | 0.3.2 | 23.00 | NOTE | |||
r-release-macos-x86_64 | 0.3.2 | 33.00 | NOTE | |||
r-release-windows-x86_64 | 0.3.2 | 5.00 | 59.00 | 64.00 | NOTE | |
r-oldrel-macos-arm64 | 0.3.2 | 23.00 | NOTE | |||
r-oldrel-macos-x86_64 | 0.3.2 | 35.00 | NOTE | |||
r-oldrel-windows-x86_64 | 0.3.2 | 6.00 | 67.00 | 73.00 | NOTE |
Version: 0.3.2
Check: LazyData
Result: NOTE
'LazyData' is specified without a 'data' directory
Flavors: r-devel-linux-x86_64-debian-clang, r-devel-linux-x86_64-debian-gcc, r-devel-linux-x86_64-fedora-clang, r-devel-linux-x86_64-fedora-gcc, r-devel-windows-x86_64, r-patched-linux-x86_64, r-release-linux-x86_64, r-release-macos-arm64, r-release-macos-x86_64, r-release-windows-x86_64, r-oldrel-macos-arm64, r-oldrel-macos-x86_64, r-oldrel-windows-x86_64