CRAN Package Check Results for Package bestSDP

Last updated on 2023-11-30 05:50:45 CET.

Flavor Version Tinstall Tcheck Ttotal Status Flags
r-devel-linux-x86_64-debian-clang 0.1.2 4.20 34.31 38.51 NOTE
r-devel-linux-x86_64-debian-gcc 0.1.2 2.76 26.76 29.52 NOTE
r-devel-linux-x86_64-fedora-clang 0.1.2 55.60 NOTE
r-devel-linux-x86_64-fedora-gcc 0.1.2 47.33 NOTE
r-devel-windows-x86_64 0.1.2 5.00 46.00 51.00 NOTE
r-patched-linux-x86_64 0.1.2 4.11 33.89 38.00 NOTE
r-release-linux-x86_64 0.1.2 4.17 33.25 37.42 NOTE
r-release-macos-arm64 0.1.2 21.00 NOTE
r-release-macos-x86_64 0.1.2 26.00 NOTE
r-release-windows-x86_64 0.1.2 6.00 50.00 56.00 NOTE
r-oldrel-macos-arm64 0.1.2 18.00 NOTE
r-oldrel-macos-x86_64 0.1.2 39.00 NOTE
r-oldrel-windows-x86_64 0.1.2 7.00 56.00 63.00 NOTE

Check Details

Version: 0.1.2
Check: LazyData
Result: NOTE 'LazyData' is specified without a 'data' directory Flavors: r-devel-linux-x86_64-debian-clang, r-devel-linux-x86_64-debian-gcc, r-devel-linux-x86_64-fedora-clang, r-devel-linux-x86_64-fedora-gcc, r-devel-windows-x86_64, r-patched-linux-x86_64, r-release-linux-x86_64, r-release-macos-arm64, r-release-macos-x86_64, r-release-windows-x86_64, r-oldrel-macos-arm64, r-oldrel-macos-x86_64, r-oldrel-windows-x86_64

Version: 0.1.2
Check: dependencies in R code
Result: NOTE Namespaces in Imports field not imported from: ‘DT’ ‘dplyr’ ‘ggplot2’ ‘readxl’ ‘rlist’ ‘shinyBS’ ‘shinyWidgets’ ‘shinydashboard’ ‘shinyjs’ ‘shinythemes’ ‘stringr’ ‘tidyr’ All declared Imports should be used. Flavors: r-devel-linux-x86_64-fedora-clang, r-devel-linux-x86_64-fedora-gcc, r-oldrel-macos-arm64, r-oldrel-macos-x86_64