CRAN Package Check Results for Package bestglm

Last updated on 2024-06-21 09:55:39 CEST.

Flavor Version Tinstall Tcheck Ttotal Status Flags
r-devel-linux-x86_64-debian-clang 0.37.3 11.52 88.85 100.37 OK
r-devel-linux-x86_64-debian-gcc 0.37.3 7.40 65.92 73.32 OK
r-devel-linux-x86_64-fedora-clang 0.37.3 122.25 OK
r-devel-linux-x86_64-fedora-gcc 0.37.3 120.42 OK
r-devel-windows-x86_64 0.37.3 10.00 87.00 97.00 OK
r-patched-linux-x86_64 0.37.3 10.33 84.26 94.59 OK
r-release-linux-x86_64 0.37.3 8.59 84.77 93.36 OK
r-release-macos-arm64 0.37.3 37.00 OK
r-release-macos-x86_64 0.37.3 60.00 OK
r-release-windows-x86_64 0.37.3 10.00 90.00 100.00 OK
r-oldrel-macos-arm64 0.37.3 40.00 OK
r-oldrel-macos-x86_64 0.37.3 65.00 NOTE
r-oldrel-windows-x86_64 0.37.3 12.00 107.00 119.00 OK

Check Details

Version: 0.37.3
Check: package dependencies
Result: NOTE Package which this enhances but not available for checking: ‘caret’ Flavor: r-oldrel-macos-x86_64