CRAN Package Check Results for Package betas

Last updated on 2020-02-17 19:49:07 CET.

Flavor Version Tinstall Tcheck Ttotal Status Flags
r-devel-linux-x86_64-debian-clang 0.1.1 3.78 31.41 35.19 NOTE
r-devel-linux-x86_64-debian-gcc 0.1.1 3.20 24.83 28.03 NOTE
r-devel-linux-x86_64-fedora-clang 0.1.1 43.64 WARN
r-devel-linux-x86_64-fedora-gcc 0.1.1 43.84 NOTE
r-devel-windows-ix86+x86_64 0.1.1 8.00 45.00 53.00 NOTE
r-devel-windows-ix86+x86_64-gcc8 0.1.1 16.00 62.00 78.00 NOTE
r-patched-linux-x86_64 0.1.1 2.65 26.75 29.40 NOTE
r-patched-solaris-x86 0.1.1 59.50 NOTE
r-release-linux-x86_64 0.1.1 2.86 26.47 29.33 NOTE
r-release-windows-ix86+x86_64 0.1.1 6.00 45.00 51.00 NOTE
r-release-osx-x86_64 0.1.1 NOTE
r-oldrel-windows-ix86+x86_64 0.1.1 4.00 58.00 62.00 NOTE
r-oldrel-osx-x86_64 0.1.1 NOTE

Check Details

Version: 0.1.1
Check: R code for possible problems
Result: NOTE
    betas.lm: no visible binding for global variable 'sd'
    betas.lm: no visible global function definition for 'sd'
    my.wtd.var: no visible global function definition for 'var'
    Undefined global functions or variables:
     sd var
    Consider adding
     importFrom("stats", "sd", "var")
    to your NAMESPACE file.
Flavors: r-devel-linux-x86_64-debian-clang, r-devel-linux-x86_64-debian-gcc, r-devel-linux-x86_64-fedora-clang, r-devel-linux-x86_64-fedora-gcc, r-devel-windows-ix86+x86_64, r-devel-windows-ix86+x86_64-gcc8, r-patched-linux-x86_64, r-patched-solaris-x86, r-release-linux-x86_64, r-release-windows-ix86+x86_64, r-release-osx-x86_64, r-oldrel-windows-ix86+x86_64, r-oldrel-osx-x86_64

Version: 0.1.1
Check: package dependencies
Result: WARN
    Requires orphaned package: ‘robust’
Flavor: r-devel-linux-x86_64-fedora-clang