CRAN Package Check Results for Package betategarch

Last updated on 2019-09-22 22:46:42 CEST.

Flavor Version Tinstall Tcheck Ttotal Status Flags
r-devel-linux-x86_64-debian-clang 3.3 4.06 24.83 28.89 OK
r-devel-linux-x86_64-debian-gcc 3.3 2.84 20.48 23.32 OK
r-devel-linux-x86_64-fedora-clang 3.3 36.00 NOTE
r-devel-linux-x86_64-fedora-gcc 3.3 36.00 NOTE
r-devel-windows-ix86+x86_64 3.3 13.00 68.00 81.00 OK
r-patched-linux-x86_64 3.3 3.25 24.70 27.95 OK
r-patched-solaris-x86 3.3 57.10 OK
r-release-linux-x86_64 3.3 3.73 25.02 28.75 OK
r-release-windows-ix86+x86_64 3.3 13.00 61.00 74.00 OK
r-release-osx-x86_64 3.3 OK
r-oldrel-windows-ix86+x86_64 3.3 7.00 64.00 71.00 OK
r-oldrel-osx-x86_64 3.3 OK

Check Details

Version: 3.3
Check: compiled code
Result: NOTE
    File ‘betategarch/libs/betategarch.so’:
     Found no calls to: ‘R_registerRoutines’, ‘R_useDynamicSymbols’
    
    It is good practice to register native routines and to disable symbol
    search.
    
    See ‘Writing portable packages’ in the ‘Writing R Extensions’ manual.
Flavors: r-devel-linux-x86_64-fedora-clang, r-devel-linux-x86_64-fedora-gcc