CRAN Package Check Results for Package betategarch

Last updated on 2019-06-19 03:47:43 CEST.

Flavor Version Tinstall Tcheck Ttotal Status Flags
r-devel-linux-x86_64-debian-clang 3.3 3.80 25.48 29.28 OK
r-devel-linux-x86_64-debian-gcc 3.3 2.63 21.32 23.95 OK
r-devel-linux-x86_64-fedora-clang 3.3 35.71 NOTE
r-devel-linux-x86_64-fedora-gcc 3.3 34.25 NOTE
r-devel-windows-ix86+x86_64 3.3 14.00 61.00 75.00 OK
r-patched-linux-x86_64 3.3 3.20 25.79 28.99 OK
r-patched-solaris-x86 3.3 56.70 OK
r-release-linux-x86_64 3.3 3.52 25.77 29.29 OK
r-release-windows-ix86+x86_64 3.3 18.00 61.00 79.00 OK
r-release-osx-x86_64 3.3 OK
r-oldrel-windows-ix86+x86_64 3.3 6.00 65.00 71.00 OK
r-oldrel-osx-x86_64 3.3 OK

Check Details

Version: 3.3
Check: compiled code
Result: NOTE
    File ‘betategarch/libs/betategarch.so’:
     Found no calls to: ‘R_registerRoutines’, ‘R_useDynamicSymbols’
    
    It is good practice to register native routines and to disable symbol
    search.
    
    See ‘Writing portable packages’ in the ‘Writing R Extensions’ manual.
Flavors: r-devel-linux-x86_64-fedora-clang, r-devel-linux-x86_64-fedora-gcc