CRAN Package Check Results for Package bigleaf

Last updated on 2022-08-15 13:51:55 CEST.

Flavor Version Tinstall Tcheck Ttotal Status Flags
r-devel-linux-x86_64-debian-clang 0.8.1 6.90 90.57 97.47 NOTE
r-devel-linux-x86_64-debian-gcc 0.8.1 6.02 69.88 75.90 NOTE
r-devel-linux-x86_64-fedora-clang 0.8.1 128.63 NOTE
r-devel-linux-x86_64-fedora-gcc 0.8.1 134.48 NOTE
r-devel-windows-x86_64 0.8.1 32.00 131.00 163.00 OK
r-patched-linux-x86_64 0.8.1 9.80 84.88 94.68 OK
r-release-linux-x86_64 0.8.1 7.67 85.45 93.12 OK
r-release-macos-arm64 0.8.1 42.00 OK
r-release-macos-x86_64 0.8.1 55.00 OK
r-release-windows-x86_64 0.8.1 30.00 137.00 167.00 OK
r-oldrel-macos-arm64 0.8.1 38.00 OK
r-oldrel-macos-x86_64 0.8.1 46.00 OK
r-oldrel-windows-ix86+x86_64 0.8.1 14.00 127.00 141.00 OK

Check Details

Version: 0.8.1
Check: HTML version of manual
Result: NOTE
    Found the following HTML validation problems:
    air.density.html:65:38: Warning: nested emphasis <code>
    decoupling.html:123:38: Warning: nested emphasis <code>
    latent.heat.vaporization.html:55:38: Warning: nested emphasis <code>
    psychrometric.constant.html:67:38: Warning: nested emphasis <code>
    stability.parameter.html:100:38: Warning: nested emphasis <code>
Flavors: r-devel-linux-x86_64-debian-clang, r-devel-linux-x86_64-debian-gcc, r-devel-linux-x86_64-fedora-clang, r-devel-linux-x86_64-fedora-gcc