CRAN Package Check Results for Package bigtime

Last updated on 2020-02-20 22:50:53 CET.

Flavor Version Tinstall Tcheck Ttotal Status Flags
r-devel-linux-x86_64-debian-clang 0.1.0 39.94 55.19 95.13 OK
r-devel-linux-x86_64-debian-gcc 0.1.0 25.71 42.23 67.94 OK
r-devel-linux-x86_64-fedora-clang 0.1.0 115.69 NOTE
r-devel-linux-x86_64-fedora-gcc 0.1.0 113.51 NOTE
r-devel-windows-ix86+x86_64 0.1.0 69.00 97.00 166.00 OK
r-devel-windows-ix86+x86_64-gcc8 0.1.0 101.00 139.00 240.00 OK
r-patched-linux-x86_64 0.1.0 34.36 49.16 83.52 OK
r-patched-solaris-x86 0.1.0 129.00 NOTE
r-release-linux-x86_64 0.1.0 30.93 49.24 80.17 OK
r-release-windows-ix86+x86_64 0.1.0 63.00 95.00 158.00 OK
r-release-osx-x86_64 0.1.0 NOTE
r-oldrel-windows-ix86+x86_64 0.1.0 57.00 102.00 159.00 OK
r-oldrel-osx-x86_64 0.1.0 NOTE

Check Details

Version: 0.1.0
Check: dependencies in R code
Result: NOTE
    Namespaces in Imports field not imported from:
     ‘MASS’ ‘lattice’ ‘zoo’
     All declared Imports should be used.
Flavors: r-devel-linux-x86_64-fedora-clang, r-devel-linux-x86_64-fedora-gcc, r-patched-solaris-x86, r-release-osx-x86_64, r-oldrel-osx-x86_64