CRAN Package Check Results for Package billboard

Last updated on 2019-09-17 06:48:21 CEST.

Flavor Version Tinstall Tcheck Ttotal Status Flags
r-devel-linux-x86_64-debian-clang 0.1.0 3.70 18.77 22.47 OK
r-devel-linux-x86_64-debian-gcc 0.1.0 OK
r-devel-linux-x86_64-fedora-clang 0.1.0 28.39 NOTE
r-devel-linux-x86_64-fedora-gcc 0.1.0 27.08 NOTE
r-devel-windows-ix86+x86_64 0.1.0 10.00 34.00 44.00 OK
r-patched-linux-x86_64 0.1.0 3.28 18.61 21.89 OK
r-patched-solaris-x86 0.1.0 44.30 NOTE
r-release-linux-x86_64 0.1.0 3.67 19.43 23.10 OK
r-release-windows-ix86+x86_64 0.1.0 6.00 29.00 35.00 OK
r-release-osx-x86_64 0.1.0 NOTE
r-oldrel-windows-ix86+x86_64 0.1.0 7.00 30.00 37.00 OK
r-oldrel-osx-x86_64 0.1.0 NOTE

Check Details

Version: 0.1.0
Check: dependencies in R code
Result: NOTE
    Namespace in Imports field not imported from: ‘tibble’
     All declared Imports should be used.
Flavors: r-devel-linux-x86_64-fedora-clang, r-devel-linux-x86_64-fedora-gcc, r-patched-solaris-x86, r-release-osx-x86_64, r-oldrel-osx-x86_64

Version: 0.1.0
Check: data for non-ASCII characters
Result: NOTE
     Note: found 660 marked UTF-8 strings
Flavors: r-devel-linux-x86_64-fedora-clang, r-devel-linux-x86_64-fedora-gcc, r-patched-solaris-x86, r-release-osx-x86_64, r-oldrel-osx-x86_64