CRAN Package Check Results for Package billboarder

Last updated on 2019-11-18 14:47:37 CET.

Flavor Version Tinstall Tcheck Ttotal Status Flags
r-devel-linux-x86_64-debian-clang 0.2.7 5.73 72.22 77.95 OK
r-devel-linux-x86_64-debian-gcc 0.2.7 4.84 57.05 61.89 OK
r-devel-linux-x86_64-fedora-clang 0.2.7 90.02 OK
r-devel-linux-x86_64-fedora-gcc 0.2.7 89.69 OK
r-devel-windows-ix86+x86_64 0.2.7 29.00 139.00 168.00 OK
r-patched-linux-x86_64 0.2.7 5.00 68.02 73.02 OK
r-patched-solaris-x86 0.2.7 120.50 WARN
r-release-linux-x86_64 0.2.7 5.85 66.58 72.43 OK
r-release-windows-ix86+x86_64 0.2.7 15.00 154.00 169.00 OK
r-release-osx-x86_64 0.2.7 WARN
r-oldrel-windows-ix86+x86_64 0.2.7 11.00 90.00 101.00 OK
r-oldrel-osx-x86_64 0.2.7 WARN

Check Details

Version: 0.2.7
Check: re-building of vignette outputs
Result: WARN
    Error(s) in re-building vignettes:
     ...
    --- re-building ‘billboarder-intro.Rmd’ using rmarkdown
    Warning in engine$weave(file, quiet = quiet, encoding = enc) :
     Pandoc (>= 1.12.3) and/or pandoc-citeproc not available. Falling back to R Markdown v1.
    Quitting from lines 41-48 (billboarder-intro.Rmd)
    Error: processing vignette 'billboarder-intro.Rmd' failed with diagnostics:
    there is no package called 'webshot'
    --- failed re-building ‘billboarder-intro.Rmd’
    
    --- re-building ‘billboarder-mapping.Rmd’ using rmarkdown
    Warning in engine$weave(file, quiet = quiet, encoding = enc) :
     Pandoc (>= 1.12.3) and/or pandoc-citeproc not available. Falling back to R Markdown v1.
    Quitting from lines 44-46 (billboarder-mapping.Rmd)
    Error: processing vignette 'billboarder-mapping.Rmd' failed with diagnostics:
    there is no package called 'webshot'
    --- failed re-building ‘billboarder-mapping.Rmd’
    
    --- re-building ‘billboarder-options.Rmd’ using rmarkdown
    Warning in engine$weave(file, quiet = quiet, encoding = enc) :
     Pandoc (>= 1.12.3) and/or pandoc-citeproc not available. Falling back to R Markdown v1.
    Quitting from lines 26-29 (billboarder-options.Rmd)
    Error: processing vignette 'billboarder-options.Rmd' failed with diagnostics:
    there is no package called 'webshot'
    --- failed re-building ‘billboarder-options.Rmd’
    
    --- re-building ‘billboarder.Rmd’ using rmarkdown
    Warning in engine$weave(file, quiet = quiet, encoding = enc) :
     Pandoc (>= 1.12.3) and/or pandoc-citeproc not available. Falling back to R Markdown v1.
    Quitting from lines 37-56 (billboarder.Rmd)
    Error: processing vignette 'billboarder.Rmd' failed with diagnostics:
    there is no package called 'webshot'
    --- failed re-building ‘billboarder.Rmd’
    
    SUMMARY: processing the following files failed:
     ‘billboarder-intro.Rmd’ ‘billboarder-mapping.Rmd’
     ‘billboarder-options.Rmd’ ‘billboarder.Rmd’
    
    Error: Vignette re-building failed.
    Execution halted
Flavor: r-patched-solaris-x86

Version: 0.2.7
Check: re-building of vignette outputs
Result: WARN
    Error(s) in re-building vignettes:
    --- re-building ‘billboarder-intro.Rmd’ using rmarkdown
    Warning in engine$weave(file, quiet = quiet, encoding = enc) :
     Pandoc (>= 1.12.3) and/or pandoc-citeproc not available. Falling back to R Markdown v1.
    Quitting from lines 41-48 (billboarder-intro.Rmd)
    Error: processing vignette 'billboarder-intro.Rmd' failed with diagnostics:
    cannot open the connection
    --- failed re-building ‘billboarder-intro.Rmd’
    
    --- re-building ‘billboarder-mapping.Rmd’ using rmarkdown
    Warning in engine$weave(file, quiet = quiet, encoding = enc) :
     Pandoc (>= 1.12.3) and/or pandoc-citeproc not available. Falling back to R Markdown v1.
    Quitting from lines 44-46 (billboarder-mapping.Rmd)
    Error: processing vignette 'billboarder-mapping.Rmd' failed with diagnostics:
    cannot open the connection
    --- failed re-building ‘billboarder-mapping.Rmd’
    
    --- re-building ‘billboarder-options.Rmd’ using rmarkdown
    Warning in engine$weave(file, quiet = quiet, encoding = enc) :
     Pandoc (>= 1.12.3) and/or pandoc-citeproc not available. Falling back to R Markdown v1.
    Quitting from lines 26-29 (billboarder-options.Rmd)
    Error: processing vignette 'billboarder-options.Rmd' failed with diagnostics:
    cannot open the connection
    --- failed re-building ‘billboarder-options.Rmd’
    
    --- re-building ‘billboarder.Rmd’ using rmarkdown
    Warning in engine$weave(file, quiet = quiet, encoding = enc) :
     Pandoc (>= 1.12.3) and/or pandoc-citeproc not available. Falling back to R Markdown v1.
    Quitting from lines 37-56 (billboarder.Rmd)
    Error: processing vignette 'billboarder.Rmd' failed with diagnostics:
    cannot open the connection
    --- failed re-building ‘billboarder.Rmd’
    
    SUMMARY: processing the following files failed:
     ‘billboarder-intro.Rmd’ ‘billboarder-mapping.Rmd’
     ‘billboarder-options.Rmd’ ‘billboarder.Rmd’
    
    Error: Vignette re-building failed.
    Execution halted
Flavor: r-release-osx-x86_64

Version: 0.2.7
Check: re-building of vignette outputs
Result: WARN
    Error in re-building vignettes:
     ...
    Warning in engine$weave(file, quiet = quiet, encoding = enc) :
     Pandoc (>= 1.12.3) and/or pandoc-citeproc not available. Falling back to R Markdown v1.
    Quitting from lines 41-48 (billboarder-intro.Rmd)
    Error: processing vignette 'billboarder-intro.Rmd' failed with diagnostics:
    cannot open the connection
    Execution halted
Flavor: r-oldrel-osx-x86_64