CRAN Package Check Results for Package binst

Last updated on 2022-08-16 13:49:12 CEST.

Flavor Version Tinstall Tcheck Ttotal Status Flags
r-devel-linux-x86_64-debian-clang 0.2.1 2.14 25.75 27.89 NOTE
r-devel-linux-x86_64-debian-gcc 0.2.1 1.34 20.25 21.59 NOTE
r-devel-linux-x86_64-fedora-clang 0.2.1 45.19 NOTE
r-devel-linux-x86_64-fedora-gcc 0.2.1 43.80 NOTE
r-devel-windows-x86_64 0.2.1 8.00 50.00 58.00 NOTE
r-patched-linux-x86_64 0.2.1 2.14 26.36 28.50 NOTE
r-release-linux-x86_64 0.2.1 1.98 25.56 27.54 NOTE
r-release-macos-arm64 0.2.1 17.00 NOTE
r-release-macos-x86_64 0.2.1 22.00 NOTE
r-release-windows-x86_64 0.2.1 11.00 53.00 64.00 NOTE
r-oldrel-macos-arm64 0.2.1 18.00 NOTE
r-oldrel-macos-x86_64 0.2.1 30.00 NOTE
r-oldrel-windows-ix86+x86_64 0.2.1 5.00 58.00 63.00 NOTE

Check Details

Version: 0.2.1
Check: LazyData
Result: NOTE
     'LazyData' is specified without a 'data' directory
Flavors: r-devel-linux-x86_64-debian-clang, r-devel-linux-x86_64-debian-gcc, r-devel-linux-x86_64-fedora-clang, r-devel-linux-x86_64-fedora-gcc, r-devel-windows-x86_64, r-patched-linux-x86_64, r-release-linux-x86_64, r-release-macos-arm64, r-release-macos-x86_64, r-release-windows-x86_64, r-oldrel-macos-arm64, r-oldrel-macos-x86_64, r-oldrel-windows-ix86+x86_64