CRAN Package Check Results for Package bioOED

Last updated on 2019-09-23 05:46:48 CEST.

Flavor Version Tinstall Tcheck Ttotal Status Flags
r-devel-linux-x86_64-debian-clang 0.2.1 8.10 75.51 83.61 OK
r-devel-linux-x86_64-debian-gcc 0.2.1 7.16 57.69 64.85 OK
r-devel-linux-x86_64-fedora-clang 0.2.1 99.14 OK
r-devel-linux-x86_64-fedora-gcc 0.2.1 96.29 OK
r-devel-windows-ix86+x86_64 0.2.1 57.00 139.00 196.00 OK
r-patched-linux-x86_64 0.2.1 8.03 72.31 80.34 OK
r-patched-solaris-x86 0.2.1 148.80 OK
r-release-linux-x86_64 0.2.1 8.89 72.71 81.60 OK
r-release-windows-ix86+x86_64 0.2.1 38.00 144.00 182.00 OK
r-release-osx-x86_64 0.2.1 ERROR
r-oldrel-windows-ix86+x86_64 0.2.1 13.00 92.00 105.00 OK
r-oldrel-osx-x86_64 0.2.1 OK

Check Details

Version: 0.2.1
Check: package dependencies
Result: ERROR
    Package required but not available: ‘MEIGOR’
    
    See section ‘The DESCRIPTION file’ in the ‘Writing R Extensions’
    manual.
Flavor: r-release-osx-x86_64