CRAN Package Check Results for Package birankr

Last updated on 2022-01-21 12:56:04 CET.

Flavor Version Tinstall Tcheck Ttotal Status Flags
r-devel-linux-x86_64-debian-clang 1.0.1 6.49 90.46 96.95 NOTE
r-devel-linux-x86_64-debian-gcc 1.0.1 6.41 62.98 69.39 NOTE
r-devel-linux-x86_64-fedora-clang 1.0.1 111.13 NOTE
r-devel-linux-x86_64-fedora-gcc 1.0.1 107.26 NOTE
r-devel-windows-x86_64-new-UL 1.0.1 30.00 105.00 135.00 NOTE
r-devel-windows-x86_64-new-TK 1.0.1 NOTE
r-patched-linux-x86_64 1.0.1 7.05 79.66 86.71 NOTE
r-release-linux-x86_64 1.0.1 6.18 78.52 84.70 NOTE
r-release-macos-arm64 1.0.1 NOTE
r-release-macos-x86_64 1.0.1 NOTE
r-release-windows-ix86+x86_64 1.0.1 16.00 89.00 105.00 NOTE
r-oldrel-macos-x86_64 1.0.1 OK
r-oldrel-windows-ix86+x86_64 1.0.1 17.00 91.00 108.00 OK

Check Details

Version: 1.0.1
Check: LazyData
Result: NOTE
     'LazyData' is specified without a 'data' directory
Flavors: r-devel-linux-x86_64-debian-clang, r-devel-linux-x86_64-debian-gcc, r-devel-linux-x86_64-fedora-clang, r-devel-linux-x86_64-fedora-gcc, r-devel-windows-x86_64-new-UL, r-devel-windows-x86_64-new-TK, r-patched-linux-x86_64, r-release-linux-x86_64, r-release-macos-arm64, r-release-macos-x86_64, r-release-windows-ix86+x86_64