CRAN Package Check Results for Package bisque

Last updated on 2020-02-19 21:46:29 CET.

Flavor Version Tinstall Tcheck Ttotal Status Flags
r-devel-linux-x86_64-debian-clang 1.0.2 134.07 39.62 173.69 OK
r-devel-linux-x86_64-debian-gcc 1.0.2 84.36 29.80 114.16 OK
r-devel-linux-x86_64-fedora-clang 1.0.2 241.98 NOTE
r-devel-linux-x86_64-fedora-gcc 1.0.2 225.61 OK
r-devel-windows-ix86+x86_64 1.0.2 213.00 74.00 287.00 OK
r-devel-windows-ix86+x86_64-gcc8 1.0.1 355.00 113.00 468.00 OK
r-patched-linux-x86_64 1.0.2 105.66 35.94 141.60 OK
r-patched-solaris-x86 1.0.2 201.70 OK
r-release-linux-x86_64 1.0.2 110.84 35.48 146.32 OK
r-release-windows-ix86+x86_64 1.0.2 220.00 73.00 293.00 OK
r-release-osx-x86_64 1.0.2 NOTE
r-oldrel-windows-ix86+x86_64 1.0.2 218.00 74.00 292.00 OK
r-oldrel-osx-x86_64 1.0.2 NOTE

Check Details

Version: 1.0.2
Check: installed package size
Result: NOTE
     installed size is 5.8Mb
     sub-directories of 1Mb or more:
     libs 5.6Mb
Flavors: r-devel-linux-x86_64-fedora-clang, r-release-osx-x86_64, r-oldrel-osx-x86_64