CRAN Package Check Results for Package bisque

Last updated on 2019-09-23 05:46:48 CEST.

Flavor Version Tinstall Tcheck Ttotal Status Flags
r-devel-linux-x86_64-debian-clang 1.0.1 103.77 38.62 142.39 OK
r-devel-linux-x86_64-debian-gcc 1.0.1 94.88 30.65 125.53 OK
r-devel-linux-x86_64-fedora-clang 1.0.1 231.95 NOTE
r-devel-linux-x86_64-fedora-gcc 1.0.1 223.25 OK
r-devel-windows-ix86+x86_64 1.0.1 348.00 118.00 466.00 OK
r-patched-linux-x86_64 1.0.1 99.39 37.49 136.88 OK
r-patched-solaris-x86 1.0.1 205.50 OK
r-release-linux-x86_64 1.0.1 100.17 38.03 138.20 OK
r-release-windows-ix86+x86_64 1.0.1 323.00 125.00 448.00 OK
r-release-osx-x86_64 1.0.1 NOTE
r-oldrel-windows-ix86+x86_64 1.0.1 223.00 75.00 298.00 OK
r-oldrel-osx-x86_64 1.0.1 NOTE

Additional issues

LTO

Check Details

Version: 1.0.1
Check: installed package size
Result: NOTE
     installed size is 5.7Mb
     sub-directories of 1Mb or more:
     libs 5.5Mb
Flavors: r-devel-linux-x86_64-fedora-clang, r-release-osx-x86_64, r-oldrel-osx-x86_64