CRAN Package Check Results for Package bizdays

Last updated on 2020-01-23 04:47:30 CET.

Flavor Version Tinstall Tcheck Ttotal Status Flags
r-devel-linux-x86_64-debian-clang 1.0.6 4.66 54.05 58.71 OK
r-devel-linux-x86_64-debian-gcc 1.0.6 4.41 42.02 46.43 OK
r-devel-linux-x86_64-fedora-clang 1.0.6 70.16 NOTE
r-devel-linux-x86_64-fedora-gcc 1.0.6 68.01 NOTE
r-devel-windows-ix86+x86_64 1.0.6 21.00 125.00 146.00 OK
r-devel-windows-ix86+x86_64-gcc8 1.0.6 15.00 119.00 134.00 OK
r-patched-linux-x86_64 1.0.6 4.18 50.00 54.18 OK
r-patched-solaris-x86 1.0.6 93.10 NOTE
r-release-linux-x86_64 1.0.6 4.28 48.58 52.86 OK
r-release-windows-ix86+x86_64 1.0.6 22.00 79.00 101.00 OK
r-release-osx-x86_64 1.0.6 OK
r-oldrel-windows-ix86+x86_64 1.0.6 8.00 80.00 88.00 OK
r-oldrel-osx-x86_64 1.0.6 NOTE

Check Details

Version: 1.0.6
Check: package dependencies
Result: NOTE
    Package suggested but not available for checking: ‘RQuantLib’
Flavors: r-devel-linux-x86_64-fedora-clang, r-devel-linux-x86_64-fedora-gcc, r-patched-solaris-x86, r-oldrel-osx-x86_64