CRAN Package Check Results for Package bizdays

Last updated on 2019-09-15 10:48:00 CEST.

Flavor Version Tinstall Tcheck Ttotal Status Flags
r-devel-linux-x86_64-debian-clang 1.0.6 4.54 48.99 53.53 OK
r-devel-linux-x86_64-debian-gcc 1.0.6 3.94 38.60 42.54 OK
r-devel-linux-x86_64-fedora-clang 1.0.6 62.47 NOTE
r-devel-linux-x86_64-fedora-gcc 1.0.6 62.70 NOTE
r-devel-windows-ix86+x86_64 1.0.6 16.00 84.00 100.00 OK
r-patched-linux-x86_64 1.0.6 4.31 48.83 53.14 OK
r-patched-solaris-x86 1.0.6 94.70 NOTE
r-release-linux-x86_64 1.0.6 4.07 48.09 52.16 OK
r-release-windows-ix86+x86_64 1.0.6 9.00 85.00 94.00 OK
r-release-osx-x86_64 1.0.6 OK
r-oldrel-windows-ix86+x86_64 1.0.6 12.00 84.00 96.00 OK
r-oldrel-osx-x86_64 1.0.6 NOTE

Check Details

Version: 1.0.6
Check: package dependencies
Result: NOTE
    Package suggested but not available for checking: ‘RQuantLib’
Flavors: r-devel-linux-x86_64-fedora-clang, r-devel-linux-x86_64-fedora-gcc, r-patched-solaris-x86, r-oldrel-osx-x86_64