CRAN Package Check Results for Package bndovb

Last updated on 2023-03-30 08:53:31 CEST.

Flavor Version Tinstall Tcheck Ttotal Status Flags
r-devel-linux-x86_64-debian-clang 1.1 9.68 102.02 111.70 OK
r-devel-linux-x86_64-debian-gcc 1.1 8.37 78.23 86.60 OK
r-devel-linux-x86_64-fedora-clang 1.1 142.89 NOTE
r-devel-linux-x86_64-fedora-gcc 1.1 142.31 NOTE
r-devel-windows-x86_64 1.1 22.00 129.00 151.00 OK
r-patched-linux-x86_64 1.1 10.13 100.31 110.44 OK
r-release-linux-x86_64 1.1 8.41 99.65 108.06 OK
r-release-macos-arm64 1.1 62.00 NOTE
r-release-macos-x86_64 1.1 69.00 NOTE
r-release-windows-x86_64 1.1 24.00 125.00 149.00 OK
r-oldrel-macos-arm64 1.1 40.00 NOTE
r-oldrel-macos-x86_64 1.1 57.00 NOTE
r-oldrel-windows-ix86+x86_64 1.1 23.00 130.00 153.00 OK

Check Details

Version: 1.1
Check: dependencies in R code
Result: NOTE
    Namespace in Imports field not imported from: ‘dplyr’
     All declared Imports should be used.
Flavors: r-devel-linux-x86_64-fedora-clang, r-devel-linux-x86_64-fedora-gcc, r-release-macos-arm64, r-release-macos-x86_64, r-oldrel-macos-arm64, r-oldrel-macos-x86_64