CRAN Package Check Results for Package bnpa

Last updated on 2022-01-22 22:52:04 CET.

Flavor Version Tinstall Tcheck Ttotal Status Flags
r-devel-linux-x86_64-debian-clang 0.3.0 3.27 48.23 51.50 OK
r-devel-linux-x86_64-debian-gcc 0.3.0 2.33 37.12 39.45 OK
r-devel-linux-x86_64-fedora-clang 0.3.0 66.17 NOTE
r-devel-linux-x86_64-fedora-gcc 0.3.0 53.78 NOTE
r-devel-windows-x86_64-new-UL 0.3.0 38.00 70.00 108.00 OK
r-devel-windows-x86_64-new-TK 0.3.0 ERROR
r-patched-linux-x86_64 0.3.0 2.18 47.14 49.32 OK
r-release-linux-x86_64 0.3.0 2.13 46.51 48.64 OK
r-release-macos-arm64 0.3.0 OK
r-release-macos-x86_64 0.3.0 NOTE
r-release-windows-ix86+x86_64 0.3.0 9.00 56.00 65.00 OK
r-oldrel-macos-x86_64 0.3.0 NOTE
r-oldrel-windows-ix86+x86_64 0.3.0 9.00 59.00 68.00 OK

Check Details

Version: 0.3.0
Check: dependencies in R code
Result: NOTE
    Namespaces in Imports field not imported from:
     ‘Rgraphviz’ ‘fastDummies’
     All declared Imports should be used.
Flavors: r-devel-linux-x86_64-fedora-clang, r-devel-linux-x86_64-fedora-gcc, r-release-macos-x86_64, r-oldrel-macos-x86_64

Version: 0.3.0
Check: package dependencies
Result: ERROR
    Package required but not available: 'semPlot'
    
    See section 'The DESCRIPTION file' in the 'Writing R Extensions'
    manual.
Flavor: r-devel-windows-x86_64-new-TK