Last updated on 2022-05-25 07:50:16 CEST.
Flavor | Version | Tinstall | Tcheck | Ttotal | Status | Flags |
---|---|---|---|---|---|---|
r-devel-linux-x86_64-debian-clang | 0.3.6 | 7.56 | 71.80 | 79.36 | OK | |
r-devel-linux-x86_64-debian-gcc | 0.3.6 | 3.80 | 53.99 | 57.79 | OK | |
r-devel-linux-x86_64-fedora-clang | 0.3.6 | 99.49 | NOTE | |||
r-devel-linux-x86_64-fedora-gcc | 0.3.6 | 95.94 | OK | |||
r-devel-windows-x86_64 | 0.3.6 | 38.00 | 97.00 | 135.00 | OK | |
r-patched-linux-x86_64 | 0.3.6 | 17.19 | 68.76 | 85.95 | OK | |
r-release-linux-x86_64 | 0.3.6 | OK | ||||
r-release-macos-arm64 | 0.3.6 | 32.00 | OK | |||
r-release-macos-x86_64 | 0.3.6 | 51.00 | OK | |||
r-release-windows-x86_64 | 0.3.6 | 41.00 | 102.00 | 143.00 | OK | |
r-oldrel-macos-arm64 | 0.3.6 | 35.00 | OK | |||
r-oldrel-macos-x86_64 | 0.3.6 | 44.00 | OK | |||
r-oldrel-windows-ix86+x86_64 | 0.3.6 | 15.00 | 88.00 | 103.00 | OK |
Version: 0.3.6
Check: Rd cross-references
Result: NOTE
Undeclared packages ‘data.table’, ‘readxl’, ‘openxlsx’ in Rd xrefs
Flavor: r-devel-linux-x86_64-fedora-clang