Last updated on 2023-03-30 07:53:54 CEST.
Flavor | Version | Tinstall | Tcheck | Ttotal | Status | Flags |
---|---|---|---|---|---|---|
r-devel-linux-x86_64-debian-clang | 1.0.9 | 122.81 | 81.01 | 203.82 | NOTE | |
r-devel-linux-x86_64-debian-gcc | 1.0.9 | 86.45 | 59.85 | 146.30 | NOTE | |
r-devel-linux-x86_64-fedora-clang | 1.0.9 | 298.48 | NOTE | |||
r-devel-linux-x86_64-fedora-gcc | 1.0.9 | 268.26 | NOTE | |||
r-devel-windows-x86_64 | 1.0.9 | 99.00 | 0.00 | 99.00 | NOTE | |
r-patched-linux-x86_64 | 1.0.9 | 79.51 | 75.65 | 155.16 | NOTE | |
r-release-linux-x86_64 | 1.0.9 | 67.94 | 74.47 | 142.41 | OK | |
r-release-macos-arm64 | 1.0.9 | 61.00 | NOTE | |||
r-release-macos-x86_64 | 1.0.9 | 85.00 | NOTE | |||
r-release-windows-x86_64 | 1.0.9 | 97.00 | 127.00 | 224.00 | OK | |
r-oldrel-macos-arm64 | 1.0.9 | 56.00 | NOTE | |||
r-oldrel-macos-x86_64 | 1.0.9 | 87.00 | NOTE | |||
r-oldrel-windows-ix86+x86_64 | 1.0.9 | 271.00 | 157.00 | 428.00 | OK |
Version: 1.0.9
Check: C++ specification
Result: NOTE
Specified C++11: please drop specification unless essential
Flavors: r-devel-linux-x86_64-debian-clang, r-devel-linux-x86_64-debian-gcc, r-devel-linux-x86_64-fedora-clang, r-devel-linux-x86_64-fedora-gcc, r-devel-windows-x86_64, r-patched-linux-x86_64
Version: 1.0.9
Check: installed package size
Result: NOTE
installed size is 5.9Mb
sub-directories of 1Mb or more:
libs 5.6Mb
Flavors: r-release-macos-arm64, r-release-macos-x86_64, r-oldrel-macos-arm64, r-oldrel-macos-x86_64