CRAN Package Check Results for Package brainKCCA

Last updated on 2019-09-23 19:47:23 CEST.

Flavor Version Tinstall Tcheck Ttotal Status Flags
r-devel-linux-x86_64-debian-clang 0.1.0 8.89 57.62 66.51 OK
r-devel-linux-x86_64-debian-gcc 0.1.0 8.65 46.43 55.08 OK
r-devel-linux-x86_64-fedora-clang 0.1.0 81.20 NOTE
r-devel-linux-x86_64-fedora-gcc 0.1.0 81.21 NOTE
r-devel-windows-ix86+x86_64 0.1.0 42.00 108.00 150.00 OK
r-patched-linux-x86_64 0.1.0 10.05 56.17 66.22 OK
r-patched-solaris-x86 0.1.0 123.90 NOTE
r-release-linux-x86_64 0.1.0 9.65 56.75 66.40 OK
r-release-windows-ix86+x86_64 0.1.0 34.00 115.00 149.00 OK
r-release-osx-x86_64 0.1.0 WARN
r-oldrel-windows-ix86+x86_64 0.1.0 11.00 84.00 95.00 OK
r-oldrel-osx-x86_64 0.1.0 NOTE

Check Details

Version: 0.1.0
Check: dependencies in R code
Result: NOTE
    Namespaces in Imports field not imported from:
     ‘CCA’ ‘brainR’ ‘elasticnet’
     All declared Imports should be used.
Flavors: r-devel-linux-x86_64-fedora-clang, r-devel-linux-x86_64-fedora-gcc, r-patched-solaris-x86, r-release-osx-x86_64, r-oldrel-osx-x86_64

Version: 0.1.0
Check: whether package can be installed
Result: WARN
    Found the following significant warnings:
     Warning: 'rgl_init' failed, running with rgl.useNULL = TRUE
Flavor: r-release-osx-x86_64