CRAN Package Check Results for Package bridger

Last updated on 2022-01-26 00:49:45 CET.

Flavor Version Tinstall Tcheck Ttotal Status Flags
r-devel-linux-x86_64-debian-clang 0.1.0 7.24 62.40 69.64 OK
r-devel-linux-x86_64-debian-gcc 0.1.0 5.42 51.28 56.70 OK
r-devel-linux-x86_64-fedora-clang 0.1.0 82.78 NOTE
r-devel-linux-x86_64-fedora-gcc 0.1.0 70.09 NOTE
r-devel-windows-x86_64-new-UL 0.1.0 32.00 81.00 113.00 OK
r-devel-windows-x86_64-new-TK 0.1.0 NOTE
r-patched-linux-x86_64 0.1.0 6.09 57.05 63.14 OK
r-release-linux-x86_64 0.1.0 4.15 56.49 60.64 OK
r-release-macos-arm64 0.1.0 NOTE
r-release-macos-x86_64 0.1.0 NOTE
r-release-windows-ix86+x86_64 0.1.0 18.00 70.00 88.00 OK
r-oldrel-macos-x86_64 0.1.0 NOTE
r-oldrel-windows-ix86+x86_64 0.1.0 16.00 74.00 90.00 OK

Check Details

Version: 0.1.0
Check: dependencies in R code
Result: NOTE
    Namespace in Imports field not imported from: ‘kableExtra’
     All declared Imports should be used.
Flavors: r-devel-linux-x86_64-fedora-clang, r-devel-linux-x86_64-fedora-gcc, r-devel-windows-x86_64-new-TK, r-release-macos-arm64, r-release-macos-x86_64, r-oldrel-macos-x86_64