CRAN Package Check Results for Package briqr

Last updated on 2021-04-15 06:47:38 CEST.

Flavor Version Tinstall Tcheck Ttotal Status Flags
r-devel-linux-x86_64-debian-clang 0.1.0 1.89 23.36 25.25 NOTE
r-devel-linux-x86_64-debian-gcc 0.1.0 1.66 18.54 20.20 NOTE
r-devel-linux-x86_64-fedora-clang 0.1.0 41.23 NOTE
r-devel-linux-x86_64-fedora-gcc 0.1.0 30.85 NOTE
r-devel-windows-ix86+x86_64 0.1.0 5.00 41.00 46.00 NOTE
r-devel-windows-x86_64-gcc10-UCRT 0.1.0 NOTE
r-patched-linux-x86_64 0.1.0 1.86 22.81 24.67 OK
r-patched-solaris-x86 0.1.0 48.30 OK
r-release-linux-x86_64 0.1.0 2.04 23.18 25.22 OK
r-release-macos-x86_64 0.1.0 OK
r-release-windows-ix86+x86_64 0.1.0 25.00 45.00 70.00 OK
r-oldrel-macos-x86_64 0.1.0 OK
r-oldrel-windows-ix86+x86_64 0.1.0 4.00 27.00 31.00 OK

Check Details

Version: 0.1.0
Check: LazyData
Result: NOTE
     'LazyData' is specified without a 'data' directory
Flavors: r-devel-linux-x86_64-debian-clang, r-devel-linux-x86_64-debian-gcc, r-devel-linux-x86_64-fedora-clang, r-devel-linux-x86_64-fedora-gcc, r-devel-windows-ix86+x86_64, r-devel-windows-x86_64-gcc10-UCRT