CRAN Package Check Results for Package bsearchtools

Last updated on 2022-01-23 21:48:08 CET.

Flavor Version Tinstall Tcheck Ttotal Status Flags
r-devel-linux-x86_64-debian-clang 0.0.61 21.16 36.86 58.02 OK
r-devel-linux-x86_64-debian-gcc 0.0.61 14.45 32.41 46.86 OK
r-devel-linux-x86_64-fedora-clang 0.0.61 81.03 NOTE
r-devel-linux-x86_64-fedora-gcc 0.0.61 65.02 OK
r-devel-windows-x86_64-new-UL 0.0.61 50.00 78.00 128.00 OK
r-devel-windows-x86_64-new-TK 0.0.61 OK
r-patched-linux-x86_64 0.0.61 17.99 36.13 54.12 OK
r-release-linux-x86_64 0.0.61 17.21 36.17 53.38 OK
r-release-macos-arm64 0.0.61 OK
r-release-macos-x86_64 0.0.61 OK
r-release-windows-ix86+x86_64 0.0.61 52.00 76.00 128.00 OK
r-oldrel-macos-x86_64 0.0.61 OK
r-oldrel-windows-ix86+x86_64 0.0.61 51.00 72.00 123.00 OK

Check Details

Version: 0.0.61
Check: Rd cross-references
Result: NOTE
    Undeclared package ‘data.table’ in Rd xrefs
Flavor: r-devel-linux-x86_64-fedora-clang