CRAN Package Check Results for Package bslib

Last updated on 2024-02-21 00:54:23 CET.

Flavor Version Tinstall Tcheck Ttotal Status Flags
r-devel-linux-x86_64-debian-clang 0.6.1 OK
r-devel-linux-x86_64-debian-gcc 0.6.1 8.21 117.82 126.03 OK
r-devel-linux-x86_64-fedora-clang 0.6.1 199.93 NOTE
r-devel-linux-x86_64-fedora-gcc 0.6.1 223.71 OK
r-devel-windows-x86_64 0.6.1 14.00 115.00 129.00 NOTE
r-patched-linux-x86_64 0.6.1 16.52 160.50 177.02 OK
r-release-linux-x86_64 0.6.1 11.86 159.80 171.66 OK
r-release-macos-arm64 0.6.1 59.00 NOTE
r-release-macos-x86_64 0.6.1 105.00 NOTE
r-release-windows-x86_64 0.6.1 18.00 140.00 158.00 NOTE
r-oldrel-macos-arm64 0.6.1 62.00 NOTE
r-oldrel-windows-x86_64 0.6.1 18.00 138.00 156.00 NOTE

Check Details

Version: 0.6.1
Check: installed package size
Result: NOTE installed size is 12.6Mb sub-directories of 1Mb or more: fonts 3.7Mb lib 5.4Mb Flavors: r-devel-linux-x86_64-fedora-clang, r-devel-windows-x86_64, r-release-macos-arm64, r-release-macos-x86_64, r-release-windows-x86_64, r-oldrel-macos-arm64, r-oldrel-windows-x86_64