Last updated on 2023-12-02 03:57:35 CET.
Flavor | Version | Tinstall | Tcheck | Ttotal | Status | Flags |
---|---|---|---|---|---|---|
r-devel-linux-x86_64-debian-clang | 0.9.9 | 106.77 | 289.44 | 396.21 | WARN | |
r-devel-linux-x86_64-debian-gcc | 0.9.9 | 88.19 | 228.48 | 316.67 | NOTE | |
r-devel-linux-x86_64-fedora-clang | 0.9.9 | 559.57 | WARN | |||
r-devel-linux-x86_64-fedora-gcc | 0.9.9 | 577.71 | NOTE | |||
r-devel-windows-x86_64 | 0.9.9 | 91.00 | 361.00 | 452.00 | NOTE | |
r-patched-linux-x86_64 | 0.9.9 | 101.22 | 307.27 | 408.49 | NOTE | |
r-release-linux-x86_64 | 0.9.9 | 99.68 | 304.05 | 403.73 | NOTE | |
r-release-macos-arm64 | 0.9.9 | 174.00 | NOTE | |||
r-release-macos-x86_64 | 0.9.9 | 293.00 | NOTE | |||
r-release-windows-x86_64 | 0.9.9 | 119.00 | 423.00 | 542.00 | NOTE | |
r-oldrel-macos-arm64 | 0.9.9 | 161.00 | NOTE | |||
r-oldrel-macos-x86_64 | 0.9.9 | 213.00 | NOTE | |||
r-oldrel-windows-x86_64 | 0.9.9 | 114.00 | 406.00 | 520.00 | NOTE |
Version: 0.9.9
Check: whether package can be installed
Result: WARN
Found the following significant warnings:
bsts.cc:101:24: warning: format string is not a string literal (potentially insecure) [-Wformat-security]
dirm.cc:91:24: warning: format string is not a string literal (potentially insecure) [-Wformat-security]
See ‘/home/hornik/tmp/R.check/r-devel-clang/Work/PKGS/bsts.Rcheck/00install.out’ for details.
* used C++ compiler: ‘Debian clang version 17.0.5 (1)’
Flavor: r-devel-linux-x86_64-debian-clang
Version: 0.9.9
Check: C++ specification
Result: NOTE
Specified C++11: please drop specification unless essential
Flavors: r-devel-linux-x86_64-debian-clang, r-devel-linux-x86_64-debian-gcc, r-devel-linux-x86_64-fedora-clang, r-devel-linux-x86_64-fedora-gcc, r-devel-windows-x86_64, r-patched-linux-x86_64, r-release-linux-x86_64, r-release-macos-arm64, r-release-macos-x86_64, r-release-windows-x86_64
Version: 0.9.9
Check: whether package can be installed
Result: WARN
Found the following significant warnings:
bsts.cc:101:24: warning: format string is not a string literal (potentially insecure) [-Wformat-security]
dirm.cc:91:24: warning: format string is not a string literal (potentially insecure) [-Wformat-security]
See ‘/data/gannet/ripley/R/packages/tests-clang/bsts.Rcheck/00install.out’ for details.
* used C++ compiler: ‘clang version 17.0.5’
Flavor: r-devel-linux-x86_64-fedora-clang
Version: 0.9.9
Check: installed package size
Result: NOTE
installed size is 9.4Mb
sub-directories of 1Mb or more:
libs 8.5Mb
Flavors: r-devel-linux-x86_64-fedora-clang, r-devel-windows-x86_64, r-release-macos-arm64, r-release-macos-x86_64, r-release-windows-x86_64, r-oldrel-macos-arm64, r-oldrel-macos-x86_64, r-oldrel-windows-x86_64