CRAN Package Check Results for Package bucky

Last updated on 2022-08-13 09:54:20 CEST.

Flavor Version Tinstall Tcheck Ttotal Status Flags
r-devel-linux-x86_64-debian-clang 1.0.7 3.68 40.77 44.45 OK
r-devel-linux-x86_64-debian-gcc 1.0.7 2.74 31.34 34.08 OK
r-devel-linux-x86_64-fedora-clang 1.0.7 63.05 NOTE
r-devel-linux-x86_64-fedora-gcc 1.0.7 62.01 OK
r-devel-windows-x86_64 1.0.7 8.00 65.00 73.00 OK
r-patched-linux-x86_64 1.0.7 3.91 40.58 44.49 OK
r-release-linux-x86_64 1.0.7 3.54 39.99 43.53 OK
r-release-macos-arm64 1.0.7 20.00 OK
r-release-macos-x86_64 1.0.7 30.00 OK
r-release-windows-x86_64 1.0.7 8.00 66.00 74.00 OK
r-oldrel-macos-arm64 1.0.7 18.00 OK
r-oldrel-macos-x86_64 1.0.7 32.00 OK
r-oldrel-windows-ix86+x86_64 1.0.7 10.00 63.00 73.00 OK

Check Details

Version: 1.0.7
Check: Rd cross-references
Result: NOTE
    Undeclared package ‘mitools’ in Rd xrefs
Flavor: r-devel-linux-x86_64-fedora-clang