CRAN Package Check Results for Package bysykkel

Last updated on 2023-05-31 23:27:14 CEST.

Flavor Version Tinstall Tcheck Ttotal Status Flags
r-devel-linux-x86_64-debian-clang 0.3.1 6.54 49.98 56.52 NOTE
r-devel-linux-x86_64-debian-gcc 0.3.1 5.00 38.53 43.53 NOTE
r-devel-linux-x86_64-fedora-clang 0.3.1 70.97 NOTE
r-devel-linux-x86_64-fedora-gcc 0.3.1 67.50 NOTE
r-devel-windows-x86_64 0.3.1 6.00 56.00 62.00 NOTE
r-patched-linux-x86_64 0.3.1 NOTE
r-release-linux-x86_64 0.3.1 5.97 47.32 53.29 NOTE
r-release-macos-arm64 0.3.1 23.00 NOTE
r-release-macos-x86_64 0.3.1 36.00 NOTE
r-release-windows-x86_64 0.3.1 8.00 62.00 70.00 NOTE
r-oldrel-macos-arm64 0.3.1 24.00 NOTE
r-oldrel-macos-x86_64 0.3.1 33.00 NOTE
r-oldrel-windows-x86_64 0.3.1 9.00 63.00 72.00 NOTE

Check Details

Version: 0.3.1
Check: LazyData
Result: NOTE
     'LazyData' is specified without a 'data' directory
Flavors: r-devel-linux-x86_64-debian-clang, r-devel-linux-x86_64-debian-gcc, r-devel-linux-x86_64-fedora-clang, r-devel-linux-x86_64-fedora-gcc, r-devel-windows-x86_64, r-patched-linux-x86_64, r-release-linux-x86_64, r-release-macos-arm64, r-release-macos-x86_64, r-release-windows-x86_64, r-oldrel-macos-arm64, r-oldrel-macos-x86_64, r-oldrel-windows-x86_64