CRAN Package Check Results for Package bytescircle

Last updated on 2020-11-29 15:46:31 CET.

Flavor Version Tinstall Tcheck Ttotal Status Flags
r-devel-linux-x86_64-debian-clang 1.1 3.13 27.70 30.83 OK
r-devel-linux-x86_64-debian-gcc 1.1 2.38 23.65 26.03 OK
r-devel-linux-x86_64-fedora-clang 1.1 44.14 NOTE
r-devel-linux-x86_64-fedora-gcc 1.1 34.62 NOTE
r-devel-windows-ix86+x86_64 1.1 7.00 51.00 58.00 OK
r-patched-linux-x86_64 1.1 3.04 27.50 30.54 OK
r-patched-solaris-x86 1.1 50.00 OK
r-release-linux-x86_64 1.1 3.09 28.01 31.10 OK
r-release-macos-x86_64 1.1 OK
r-release-windows-ix86+x86_64 1.1 8.00 44.00 52.00 OK
r-oldrel-macos-x86_64 1.1 OK
r-oldrel-windows-ix86+x86_64 1.1 6.00 51.00 57.00 OK

Check Details

Version: 1.1
Check: compiled code
Result: NOTE
    File ‘bytescircle/libs/bytescircle.so’:
     Found no calls to: ‘R_registerRoutines’, ‘R_useDynamicSymbols’
    
    It is good practice to register native routines and to disable symbol
    search.
    
    See ‘Writing portable packages’ in the ‘Writing R Extensions’ manual.
Flavors: r-devel-linux-x86_64-fedora-clang, r-devel-linux-x86_64-fedora-gcc