CRAN Package Check Results for Package c3net

Last updated on 2020-01-19 13:47:23 CET.

Flavor Version Tinstall Tcheck Ttotal Status Flags
r-devel-linux-x86_64-debian-clang 1.1.1 2.78 55.82 58.60 NOTE
r-devel-linux-x86_64-debian-gcc 1.1.1 2.14 37.98 40.12 NOTE
r-devel-linux-x86_64-fedora-clang 1.1.1 71.08 NOTE
r-devel-linux-x86_64-fedora-gcc 1.1.1 60.84 NOTE
r-devel-windows-ix86+x86_64 1.1.1 10.00 75.00 85.00 NOTE
r-devel-windows-ix86+x86_64-gcc8 1.1.1 6.00 104.00 110.00 NOTE
r-patched-linux-x86_64 1.1.1 2.35 45.69 48.04 NOTE
r-patched-solaris-x86 1.1.1 108.80 NOTE
r-release-linux-x86_64 1.1.1 2.22 46.09 48.31 NOTE
r-release-windows-ix86+x86_64 1.1.1 10.00 71.00 81.00 NOTE
r-release-osx-x86_64 1.1.1 NOTE
r-oldrel-windows-ix86+x86_64 1.1.1 7.00 70.00 77.00 NOTE
r-oldrel-osx-x86_64 1.1.1 NOTE

Check Details

Version: 1.1.1
Check: R code for possible problems
Result: NOTE
    makemim: no visible global function definition for 'cor'
    sigtestMTC: no visible global function definition for 'p.adjust'
    Undefined global functions or variables:
     cor p.adjust
    Consider adding
     importFrom("stats", "cor", "p.adjust")
    to your NAMESPACE file.
Flavors: r-devel-linux-x86_64-debian-clang, r-devel-linux-x86_64-debian-gcc, r-devel-linux-x86_64-fedora-clang, r-devel-linux-x86_64-fedora-gcc, r-devel-windows-ix86+x86_64, r-devel-windows-ix86+x86_64-gcc8, r-patched-linux-x86_64, r-patched-solaris-x86, r-release-linux-x86_64, r-release-windows-ix86+x86_64, r-release-osx-x86_64, r-oldrel-windows-ix86+x86_64, r-oldrel-osx-x86_64