CRAN Package Check Results for Package cAIC4

Last updated on 2022-01-22 23:52:04 CET.

Flavor Version Tinstall Tcheck Ttotal Status Flags
r-devel-linux-x86_64-debian-clang 1.0 10.80 103.21 114.01 OK
r-devel-linux-x86_64-debian-gcc 1.0 9.36 78.72 88.08 OK
r-devel-linux-x86_64-fedora-clang 1.0 151.36 OK
r-devel-linux-x86_64-fedora-gcc 1.0 133.11 OK
r-devel-windows-x86_64-new-UL 1.0 35.00 124.00 159.00 OK
r-devel-windows-x86_64-new-TK 1.0 ERROR
r-patched-linux-x86_64 1.0 16.05 99.82 115.87 OK
r-release-linux-x86_64 1.0 8.36 102.25 110.61 OK
r-release-macos-arm64 1.0 OK
r-release-macos-x86_64 1.0 OK
r-release-windows-ix86+x86_64 1.0 24.00 118.00 142.00 OK
r-oldrel-macos-x86_64 1.0 OK
r-oldrel-windows-ix86+x86_64 1.0 25.00 117.00 142.00 OK

Check Details

Version: 1.0
Check: package dependencies
Result: ERROR
    Packages required but not available: 'lme4', 'RLRsim'
    
    Package suggested but not available for checking: 'gamm4'
    
    See section 'The DESCRIPTION file' in the 'Writing R Extensions'
    manual.
Flavor: r-devel-windows-x86_64-new-TK