CRAN Package Check Results for Package ca

Last updated on 2020-02-21 00:49:36 CET.

Flavor Version Tinstall Tcheck Ttotal Status Flags
r-devel-linux-x86_64-debian-clang 0.71.1 8.81 37.66 46.47 OK
r-devel-linux-x86_64-debian-gcc 0.71.1 6.35 29.20 35.55 OK
r-devel-linux-x86_64-fedora-clang 0.71.1 53.89 OK
r-devel-linux-x86_64-fedora-gcc 0.71.1 51.52 OK
r-devel-windows-ix86+x86_64 0.71.1 14.00 46.00 60.00 OK
r-devel-windows-ix86+x86_64-gcc8 0.71.1 17.00 61.00 78.00 OK
r-patched-linux-x86_64 0.71.1 7.44 33.91 41.35 OK
r-patched-solaris-x86 0.71.1 63.80 OK
r-release-linux-x86_64 0.71.1 7.08 34.08 41.16 OK
r-release-windows-ix86+x86_64 0.71.1 9.00 47.00 56.00 OK
r-release-osx-x86_64 0.71.1 NOTE
r-oldrel-windows-ix86+x86_64 0.71.1 7.00 43.00 50.00 OK
r-oldrel-osx-x86_64 0.71.1 NOTE

Check Details

Version: 0.71.1
Check: dependencies in R code
Result: NOTE
    No protocol specified
Flavors: r-release-osx-x86_64, r-oldrel-osx-x86_64