Last updated on 2019-12-14 23:47:16 CET.
Flavor | Version | Tinstall | Tcheck | Ttotal | Status | Flags |
---|---|---|---|---|---|---|
r-devel-linux-x86_64-debian-clang | 3.0-5 | 20.96 | 143.08 | 164.04 | OK | |
r-devel-linux-x86_64-debian-gcc | 3.0-5 | 18.38 | 106.77 | 125.15 | OK | |
r-devel-linux-x86_64-fedora-clang | 3.0-5 | 205.23 | OK | |||
r-devel-linux-x86_64-fedora-gcc | 3.0-5 | 194.82 | OK | |||
r-devel-windows-ix86+x86_64 | 3.0-5 | 32.00 | 205.00 | 237.00 | OK | |
r-devel-windows-ix86+x86_64-gcc8 | 3.0-5 | 34.00 | 214.00 | 248.00 | OK | |
r-patched-linux-x86_64 | 3.0-5 | 17.35 | 126.24 | 143.59 | OK | |
r-patched-solaris-x86 | 3.0-5 | 230.70 | OK | |||
r-release-linux-x86_64 | 3.0-5 | 19.77 | 127.71 | 147.48 | OK | |
r-release-windows-ix86+x86_64 | 3.0-5 | 26.00 | 147.00 | 173.00 | OK | |
r-release-osx-x86_64 | 3.0-5 | NOTE | ||||
r-oldrel-windows-ix86+x86_64 | 3.0-5 | 24.00 | 133.00 | 157.00 | OK | |
r-oldrel-osx-x86_64 | 3.0-5 | NOTE |
Version: 3.0-5
Check: dependencies in R code
Result: NOTE
No protocol specified
Flavors: r-release-osx-x86_64, r-oldrel-osx-x86_64