CRAN Package Check Results for Package card

Last updated on 2020-11-28 20:47:42 CET.

Flavor Version Tinstall Tcheck Ttotal Status Flags
r-devel-linux-x86_64-debian-clang 0.1.0 11.19 118.26 129.45 OK
r-devel-linux-x86_64-debian-gcc 0.1.0 8.52 89.90 98.42 OK
r-devel-linux-x86_64-fedora-clang 0.1.0 156.90 NOTE
r-devel-linux-x86_64-fedora-gcc 0.1.0 147.72 NOTE
r-devel-windows-ix86+x86_64 0.1.0 23.00 134.00 157.00 OK
r-patched-linux-x86_64 0.1.0 11.12 112.16 123.28 OK
r-patched-solaris-x86 0.1.0 215.90 NOTE
r-release-linux-x86_64 0.1.0 9.78 110.78 120.56 OK
r-release-macos-x86_64 0.1.0 NOTE
r-release-windows-ix86+x86_64 0.1.0 15.00 113.00 128.00 OK
r-oldrel-macos-x86_64 0.1.0 NOTE
r-oldrel-windows-ix86+x86_64 0.1.0 15.00 141.00 156.00 NOTE

Check Details

Version: 0.1.0
Check: dependencies in R code
Result: NOTE
    Namespaces in Imports field not imported from:
     ‘Hmisc’ ‘methods’ ‘readr’ ‘recipes’ ‘sf’ ‘stringr’ ‘utils’
     All declared Imports should be used.
Flavors: r-devel-linux-x86_64-fedora-clang, r-devel-linux-x86_64-fedora-gcc, r-patched-solaris-x86, r-release-macos-x86_64, r-oldrel-macos-x86_64

Version: 0.1.0
Check: R code for possible problems
Result: NOTE
    plot.cosinor: no visible global function definition for ‘plot’
    Undefined global functions or variables:
     plot
    Consider adding
     importFrom("graphics", "plot")
    to your NAMESPACE file.
Flavors: r-oldrel-macos-x86_64, r-oldrel-windows-ix86+x86_64