CRAN Package Check Results for Package cat

Last updated on 2020-02-23 10:48:46 CET.

Flavor Version Tinstall Tcheck Ttotal Status Flags
r-devel-linux-x86_64-debian-clang 0.0-6.5 4.17 28.61 32.78 NOTE
r-devel-linux-x86_64-debian-gcc 0.0-6.5 3.14 22.31 25.45 NOTE
r-devel-linux-x86_64-fedora-clang 0.0-6.5 39.83 NOTE
r-devel-linux-x86_64-fedora-gcc 0.0-6.5 38.63 NOTE
r-devel-windows-ix86+x86_64 0.0-6.5 10.00 51.00 61.00 NOTE
r-devel-windows-ix86+x86_64-gcc8 0.0-6.5 13.00 73.00 86.00 NOTE
r-patched-linux-x86_64 0.0-6.5 NOTE
r-patched-solaris-x86 0.0-6.5 54.80 NOTE
r-release-linux-x86_64 0.0-6.5 3.40 26.24 29.64 NOTE
r-release-windows-ix86+x86_64 0.0-6.5 9.00 74.00 83.00 NOTE
r-release-osx-x86_64 0.0-6.5 NOTE
r-oldrel-windows-ix86+x86_64 0.0-6.5 8.00 44.00 52.00 NOTE
r-oldrel-osx-x86_64 0.0-6.5 NOTE

Check Details

Version: 0.0-6.5
Check: DESCRIPTION meta-information
Result: NOTE
    Malformed Description field: should contain one or more complete sentences.
Flavors: r-devel-linux-x86_64-debian-clang, r-devel-linux-x86_64-debian-gcc, r-devel-linux-x86_64-fedora-clang, r-devel-linux-x86_64-fedora-gcc, r-devel-windows-ix86+x86_64, r-devel-windows-ix86+x86_64-gcc8, r-patched-linux-x86_64, r-patched-solaris-x86, r-release-linux-x86_64, r-release-windows-ix86+x86_64, r-release-osx-x86_64, r-oldrel-windows-ix86+x86_64, r-oldrel-osx-x86_64

Version: 0.0-6.5
Check: R code for possible problems
Result: NOTE
    mi.inference: no visible binding for global variable 'var'
    mi.inference: no visible global function definition for 'qt'
    mi.inference: no visible global function definition for 'pt'
    Undefined global functions or variables:
     pt qt var
    Consider adding
     importFrom("stats", "pt", "qt", "var")
    to your NAMESPACE file.
Flavors: r-devel-linux-x86_64-debian-clang, r-devel-linux-x86_64-debian-gcc, r-devel-linux-x86_64-fedora-clang, r-devel-linux-x86_64-fedora-gcc, r-devel-windows-ix86+x86_64, r-devel-windows-ix86+x86_64-gcc8, r-patched-linux-x86_64, r-patched-solaris-x86, r-release-linux-x86_64, r-release-windows-ix86+x86_64, r-release-osx-x86_64, r-oldrel-windows-ix86+x86_64, r-oldrel-osx-x86_64

Version: 0.0-6.5
Check: compiled code
Result: NOTE
    File ‘cat/libs/cat.so’:
     Found no calls to: ‘R_registerRoutines’, ‘R_useDynamicSymbols’
    
    It is good practice to register native routines and to disable symbol
    search.
    
    See ‘Writing portable packages’ in the ‘Writing R Extensions’ manual.
Flavors: r-devel-linux-x86_64-fedora-clang, r-devel-linux-x86_64-fedora-gcc