CRAN Package Check Results for Package catSurv

Last updated on 2022-08-09 20:53:45 CEST.

Flavor Version Tinstall Tcheck Ttotal Status Flags
r-devel-linux-x86_64-debian-clang 1.4.0 216.23 147.86 364.09 WARN
r-devel-linux-x86_64-debian-gcc 1.4.0 158.51 109.22 267.73 NOTE
r-devel-linux-x86_64-fedora-clang 1.4.0 532.18 WARN
r-devel-linux-x86_64-fedora-gcc 1.4.0 480.96 NOTE
r-devel-windows-x86_64 1.4.0 238.00 184.00 422.00 NOTE
r-patched-linux-x86_64 1.4.0 188.98 137.16 326.14 NOTE
r-release-linux-x86_64 1.4.0 NOTE
r-release-macos-arm64 1.4.0 118.00 NOTE
r-release-macos-x86_64 1.4.0 153.00 NOTE
r-release-windows-x86_64 1.4.0 217.00 183.00 400.00 NOTE
r-oldrel-macos-arm64 1.4.0 105.00 NOTE
r-oldrel-macos-x86_64 1.4.0 150.00 NOTE
r-oldrel-windows-ix86+x86_64 1.4.0 530.00 251.00 781.00 NOTE

Additional issues

clang14

Check Details

Version: 1.4.0
Check: whether package can be installed
Result: WARN
    Found the following significant warnings:
     Cat.cpp:230:39: warning: use of bitwise '|' with boolean operands [-Wbitwise-instead-of-logical]
     Estimator.cpp:548:7: warning: use of bitwise '|' with boolean operands [-Wbitwise-instead-of-logical]
     Estimator.cpp:609:7: warning: use of bitwise '|' with boolean operands [-Wbitwise-instead-of-logical]
     Estimator.cpp:863:6: warning: use of bitwise '|' with boolean operands [-Wbitwise-instead-of-logical]
     Estimator.cpp:879:6: warning: use of bitwise '|' with boolean operands [-Wbitwise-instead-of-logical]
     Estimator.cpp:903:6: warning: use of bitwise '|' with boolean operands [-Wbitwise-instead-of-logical]
     Estimator.cpp:918:6: warning: use of bitwise '|' with boolean operands [-Wbitwise-instead-of-logical]
     Estimator.cpp:987:6: warning: use of bitwise '|' with boolean operands [-Wbitwise-instead-of-logical]
     Estimator.cpp:1135:6: warning: use of bitwise '|' with boolean operands [-Wbitwise-instead-of-logical]
     QuestionSet.cpp:163:25: warning: use of bitwise '|' with boolean operands [-Wbitwise-instead-of-logical]
     QuestionSet.cpp:167:29: warning: use of bitwise '|' with boolean operands [-Wbitwise-instead-of-logical]
     WLEEstimator.cpp:261:7: warning: use of bitwise '|' with boolean operands [-Wbitwise-instead-of-logical]
     WLEEstimator.cpp:277:7: warning: use of bitwise '|' with boolean operands [-Wbitwise-instead-of-logical]
Flavors: r-devel-linux-x86_64-debian-clang, r-devel-linux-x86_64-fedora-clang

Version: 1.4.0
Check: for GNU extensions in Makefiles
Result: NOTE
    GNU make is a SystemRequirements.
Flavors: r-devel-linux-x86_64-debian-clang, r-devel-linux-x86_64-debian-gcc, r-devel-linux-x86_64-fedora-clang, r-devel-linux-x86_64-fedora-gcc, r-devel-windows-x86_64, r-patched-linux-x86_64, r-release-linux-x86_64, r-release-macos-arm64, r-release-macos-x86_64, r-release-windows-x86_64, r-oldrel-macos-arm64, r-oldrel-macos-x86_64, r-oldrel-windows-ix86+x86_64

Version: 1.4.0
Check: installed package size
Result: NOTE
     installed size is 5.6Mb
     sub-directories of 1Mb or more:
     libs 4.7Mb
Flavors: r-devel-linux-x86_64-fedora-clang, r-release-macos-arm64, r-release-macos-x86_64, r-oldrel-macos-arm64, r-oldrel-macos-x86_64