CRAN Package Check Results for Package catmap

Last updated on 2022-01-19 10:17:28 CET.

Flavor Version Tinstall Tcheck Ttotal Status Flags
r-devel-linux-x86_64-debian-clang 1.6.4 NOTE
r-devel-linux-x86_64-debian-gcc 1.6.4 2.32 32.75 35.07 NOTE
r-devel-linux-x86_64-fedora-clang 1.6.4 55.84 NOTE
r-devel-linux-x86_64-fedora-gcc 1.6.4 42.89 NOTE
r-devel-windows-x86_64-new-UL 1.6.4 16.00 59.00 75.00 OK
r-devel-windows-x86_64-new-TK 1.6.4 OK
r-patched-linux-x86_64 1.6.4 3.05 38.61 41.66 NOTE
r-release-linux-x86_64 1.6.4 NOTE
r-release-macos-arm64 1.6.4 OK
r-release-macos-x86_64 1.6.4 OK
r-release-windows-ix86+x86_64 1.6.4 6.00 50.00 56.00 OK
r-oldrel-macos-x86_64 1.6.4 OK
r-oldrel-windows-ix86+x86_64 1.6.4 6.00 49.00 55.00 OK

Check Details

Version: 1.6.4
Check: for non-standard things in the check directory
Result: NOTE
    Found the following files/directories:
     'catmapdata.fixed.effects.plot.pdf' 'catmapdata.funnel.plot.pdf'
     'catmapdata.output.txt' 'catmapdata.random.effects.plot.pdf'
Flavors: r-devel-linux-x86_64-debian-clang, r-devel-linux-x86_64-debian-gcc, r-devel-linux-x86_64-fedora-clang, r-devel-linux-x86_64-fedora-gcc, r-patched-linux-x86_64, r-release-linux-x86_64