CRAN Package Check Results for Package cats

Last updated on 2022-08-18 00:54:10 CEST.

Flavor Version Tinstall Tcheck Ttotal Status Flags
r-devel-linux-x86_64-debian-clang 1.0.2 3.33 43.36 46.69 OK
r-devel-linux-x86_64-debian-gcc 1.0.2 OK
r-devel-linux-x86_64-fedora-clang 1.0.2 67.68 NOTE
r-devel-linux-x86_64-fedora-gcc 1.0.2 71.00 NOTE
r-devel-windows-x86_64 1.0.2 8.00 64.00 72.00 OK
r-patched-linux-x86_64 1.0.2 2.58 42.92 45.50 OK
r-release-linux-x86_64 1.0.2 2.81 42.27 45.08 OK
r-release-macos-arm64 1.0.2 21.00 NOTE
r-release-macos-x86_64 1.0.2 33.00 NOTE
r-release-windows-x86_64 1.0.2 7.00 65.00 72.00 OK
r-oldrel-macos-arm64 1.0.2 17.00 NOTE
r-oldrel-macos-x86_64 1.0.2 25.00 NOTE
r-oldrel-windows-ix86+x86_64 1.0.2 9.00 71.00 80.00 OK

Check Details

Version: 1.0.2
Check: dependencies in R code
Result: NOTE
    Namespaces in Imports field not imported from:
     ‘epitools’ ‘forcats’ ‘purrr’
     All declared Imports should be used.
Flavors: r-devel-linux-x86_64-fedora-clang, r-devel-linux-x86_64-fedora-gcc, r-release-macos-arm64, r-release-macos-x86_64, r-oldrel-macos-arm64, r-oldrel-macos-x86_64