CRAN Package Check Results for Package cccrm

Last updated on 2021-03-02 18:47:34 CET.

Flavor Version Tinstall Tcheck Ttotal Status Flags
r-devel-linux-x86_64-debian-clang 2.0.1 OK
r-devel-linux-x86_64-debian-gcc 2.0.1 4.81 42.36 47.17 OK
r-devel-linux-x86_64-fedora-clang 2.0.1 87.45 OK
r-devel-linux-x86_64-fedora-gcc 2.0.1 73.39 OK
r-devel-windows-ix86+x86_64 2.0.1 13.00 74.00 87.00 OK
r-patched-linux-x86_64 2.0.1 5.78 54.30 60.08 OK
r-patched-solaris-x86 2.0.1 101.60 OK
r-release-linux-x86_64 2.0.1 5.95 54.34 60.29 OK
r-release-macos-x86_64 2.0.1 OK
r-release-windows-ix86+x86_64 2.0.1 9.00 57.00 66.00 OK
r-oldrel-macos-x86_64 2.0.1 ERROR
r-oldrel-windows-ix86+x86_64 1.2.1 10.00 69.00 79.00 OK

Check Details

Version: 2.0.1
Check: whether package can be installed
Result: ERROR
    Installation failed.
Flavor: r-oldrel-macos-x86_64