CRAN Package Check Results for Package cdrcR

Last updated on 2022-08-08 02:52:53 CEST.

Flavor Version Tinstall Tcheck Ttotal Status Flags
r-devel-linux-x86_64-debian-clang 0.0.1 3.07 32.41 35.48 OK
r-devel-linux-x86_64-debian-gcc 0.0.1 3.17 25.76 28.93 OK
r-devel-linux-x86_64-fedora-clang 0.0.1 55.52 NOTE
r-devel-linux-x86_64-fedora-gcc 0.0.1 53.82 NOTE
r-devel-windows-x86_64 0.0.1 10.00 59.00 69.00 OK
r-patched-linux-x86_64 0.0.1 2.74 31.72 34.46 OK
r-release-linux-x86_64 0.0.1 3.44 31.84 35.28 OK
r-release-macos-arm64 0.0.1 16.00 NOTE
r-release-macos-x86_64 0.0.1 33.00 NOTE
r-release-windows-x86_64 0.0.1 10.00 60.00 70.00 OK
r-oldrel-macos-arm64 0.0.1 27.00 NOTE
r-oldrel-macos-x86_64 0.0.1 25.00 NOTE
r-oldrel-windows-ix86+x86_64 0.0.1 10.00 81.00 91.00 OK

Check Details

Version: 0.0.1
Check: dependencies in R code
Result: NOTE
    Namespace in Imports field not imported from: ‘urltools’
     All declared Imports should be used.
Flavors: r-devel-linux-x86_64-fedora-clang, r-devel-linux-x86_64-fedora-gcc, r-release-macos-arm64, r-release-macos-x86_64, r-oldrel-macos-arm64, r-oldrel-macos-x86_64