CRAN Package Check Results for Package ceg

Last updated on 2020-08-04 09:48:21 CEST.

Flavor Version Tinstall Tcheck Ttotal Status Flags
r-devel-linux-x86_64-debian-clang 0.1.0 8.55 51.17 59.72 NOTE
r-devel-linux-x86_64-debian-gcc 0.1.0 6.33 40.15 46.48 NOTE
r-devel-linux-x86_64-fedora-clang 0.1.0 80.80 NOTE
r-devel-linux-x86_64-fedora-gcc 0.1.0 71.84 NOTE
r-devel-windows-ix86+x86_64 0.1.0 18.00 65.00 83.00 OK
r-patched-linux-x86_64 0.1.0 7.88 50.67 58.55 NOTE
r-patched-solaris-x86 0.1.0 106.60 NOTE
r-release-linux-x86_64 0.1.0 7.26 51.12 58.38 NOTE
r-release-macos-x86_64 0.1.0 OK
r-release-windows-ix86+x86_64 0.1.0 22.00 88.00 110.00 OK
r-oldrel-macos-x86_64 0.1.0 OK
r-oldrel-windows-ix86+x86_64 0.1.0 12.00 74.00 86.00 OK

Check Details

Version: 0.1.0
Check: for non-standard things in the check directory
Result: NOTE
    Found the following files/directories:
     'figure01ceg.pdf' 'figure02ceg.pdf' 'staged.tree.graph.pdf'
     'stratified-event-tree-plot.pdf'
Flavors: r-devel-linux-x86_64-debian-clang, r-devel-linux-x86_64-debian-gcc, r-devel-linux-x86_64-fedora-clang, r-devel-linux-x86_64-fedora-gcc, r-patched-linux-x86_64, r-patched-solaris-x86, r-release-linux-x86_64