CRAN Package Check Results for Package ceg

Last updated on 2020-01-18 22:48:27 CET.

Flavor Version Tinstall Tcheck Ttotal Status Flags
r-devel-linux-x86_64-debian-clang 0.1.0 8.38 50.22 58.60 NOTE
r-devel-linux-x86_64-debian-gcc 0.1.0 6.61 40.14 46.75 NOTE
r-devel-linux-x86_64-fedora-clang 0.1.0 70.57 NOTE
r-devel-linux-x86_64-fedora-gcc 0.1.0 70.24 NOTE
r-devel-windows-ix86+x86_64 0.1.0 19.00 69.00 88.00 OK
r-devel-windows-ix86+x86_64-gcc8 0.1.0 17.00 120.00 137.00 OK
r-patched-linux-x86_64 0.1.0 6.58 45.79 52.37 OK
r-patched-solaris-x86 0.1.0 96.20 OK
r-release-linux-x86_64 0.1.0 6.38 46.13 52.51 OK
r-release-windows-ix86+x86_64 0.1.0 22.00 87.00 109.00 OK
r-release-osx-x86_64 0.1.0 OK
r-oldrel-windows-ix86+x86_64 0.1.0 12.00 56.00 68.00 OK
r-oldrel-osx-x86_64 0.1.0 OK

Check Details

Version: 0.1.0
Check: for non-standard things in the check directory
Result: NOTE
    Found the following files/directories:
     'figure01ceg.pdf' 'figure02ceg.pdf' 'staged.tree.graph.pdf'
     'stratified-event-tree-plot.pdf'
Flavors: r-devel-linux-x86_64-debian-clang, r-devel-linux-x86_64-debian-gcc, r-devel-linux-x86_64-fedora-clang, r-devel-linux-x86_64-fedora-gcc