CRAN Package Check Results for Package ceg

Last updated on 2022-01-21 13:51:40 CET.

Flavor Version Tinstall Tcheck Ttotal Status Flags
r-devel-linux-x86_64-debian-clang 0.1.0 6.77 61.53 68.30 NOTE
r-devel-linux-x86_64-debian-gcc 0.1.0 7.31 48.00 55.31 NOTE
r-devel-linux-x86_64-fedora-clang 0.1.0 92.66 NOTE
r-devel-linux-x86_64-fedora-gcc 0.1.0 75.56 NOTE
r-devel-windows-x86_64-new-UL 0.1.0 60.00 89.00 149.00 OK
r-devel-windows-x86_64-new-TK 0.1.0 OK
r-patched-linux-x86_64 0.1.0 8.07 61.75 69.82 NOTE
r-release-linux-x86_64 0.1.0 7.22 61.87 69.09 NOTE
r-release-macos-arm64 0.1.0 OK
r-release-macos-x86_64 0.1.0 OK
r-release-windows-ix86+x86_64 0.1.0 16.00 75.00 91.00 OK
r-oldrel-macos-x86_64 0.1.0 OK
r-oldrel-windows-ix86+x86_64 0.1.0 16.00 77.00 93.00 OK

Check Details

Version: 0.1.0
Check: for non-standard things in the check directory
Result: NOTE
    Found the following files/directories:
     'figure01ceg.pdf' 'figure02ceg.pdf' 'staged.tree.graph.pdf'
     'stratified-event-tree-plot.pdf'
Flavors: r-devel-linux-x86_64-debian-clang, r-devel-linux-x86_64-debian-gcc, r-devel-linux-x86_64-fedora-clang, r-devel-linux-x86_64-fedora-gcc, r-patched-linux-x86_64, r-release-linux-x86_64