CRAN Package Check Results for Package cepR

Last updated on 2020-01-23 06:52:59 CET.

Flavor Version Tinstall Tcheck Ttotal Status Flags
r-devel-linux-x86_64-debian-clang 0.1.0 8.12 37.72 45.84 OK
r-devel-linux-x86_64-debian-gcc 0.1.0 8.60 29.52 38.12 OK
r-devel-linux-x86_64-fedora-clang 0.1.0 58.08 NOTE
r-devel-linux-x86_64-fedora-gcc 0.1.0 56.55 NOTE
r-devel-windows-ix86+x86_64 0.1.0 18.00 79.00 97.00 OK
r-devel-windows-ix86+x86_64-gcc8 0.1.0 24.00 59.00 83.00 OK
r-patched-linux-x86_64 0.1.0 7.55 34.39 41.94 OK
r-patched-solaris-x86 0.1.0 83.60 NOTE
r-release-linux-x86_64 0.1.0 8.32 34.26 42.58 OK
r-release-windows-ix86+x86_64 0.1.0 17.00 71.00 88.00 OK
r-release-osx-x86_64 0.1.0 NOTE
r-oldrel-windows-ix86+x86_64 0.1.0 14.00 47.00 61.00 OK
r-oldrel-osx-x86_64 0.1.0 NOTE

Check Details

Version: 0.1.0
Check: data for non-ASCII characters
Result: NOTE
     Note: found 287 marked UTF-8 strings
Flavors: r-devel-linux-x86_64-fedora-clang, r-devel-linux-x86_64-fedora-gcc, r-patched-solaris-x86, r-release-osx-x86_64, r-oldrel-osx-x86_64