CRAN Package Check Results for Package cepR

Last updated on 2019-09-15 10:48:00 CEST.

Flavor Version Tinstall Tcheck Ttotal Status Flags
r-devel-linux-x86_64-debian-clang 0.1.0 8.26 36.19 44.45 OK
r-devel-linux-x86_64-debian-gcc 0.1.0 8.09 29.11 37.20 OK
r-devel-linux-x86_64-fedora-clang 0.1.0 53.98 NOTE
r-devel-linux-x86_64-fedora-gcc 0.1.0 53.38 NOTE
r-devel-windows-ix86+x86_64 0.1.0 27.00 65.00 92.00 OK
r-patched-linux-x86_64 0.1.0 8.92 35.22 44.14 OK
r-patched-solaris-x86 0.1.0 88.10 NOTE
r-release-linux-x86_64 0.1.0 8.88 35.47 44.35 OK
r-release-windows-ix86+x86_64 0.1.0 16.00 51.00 67.00 OK
r-release-osx-x86_64 0.1.0 NOTE
r-oldrel-windows-ix86+x86_64 0.1.0 18.00 65.00 83.00 OK
r-oldrel-osx-x86_64 0.1.0 NOTE

Check Details

Version: 0.1.0
Check: data for non-ASCII characters
Result: NOTE
     Note: found 287 marked UTF-8 strings
Flavors: r-devel-linux-x86_64-fedora-clang, r-devel-linux-x86_64-fedora-gcc, r-patched-solaris-x86, r-release-osx-x86_64, r-oldrel-osx-x86_64