CRAN Package Check Results for Package cfbfastR

Last updated on 2022-05-17 21:50:42 CEST.

Flavor Version Tinstall Tcheck Ttotal Status Flags
r-devel-linux-x86_64-debian-clang 1.6.4 21.97 176.28 198.25 OK
r-devel-linux-x86_64-debian-gcc 1.6.4 19.19 130.38 149.57 OK
r-devel-linux-x86_64-fedora-clang 1.6.4 226.25 NOTE
r-devel-linux-x86_64-fedora-gcc 1.6.4 222.77 NOTE
r-devel-windows-x86_64 1.6.4 107.00 181.00 288.00 OK
r-patched-linux-x86_64 1.6.4 22.60 164.99 187.59 OK
r-release-linux-x86_64 1.6.4 24.64 164.65 189.29 OK
r-release-macos-arm64 1.6.4 101.00 NOTE
r-release-macos-x86_64 1.6.4 155.00 NOTE
r-release-windows-x86_64 1.6.4 103.00 194.00 297.00 OK
r-oldrel-macos-arm64 1.6.4 105.00 NOTE
r-oldrel-macos-x86_64 1.6.4 108.00 NOTE
r-oldrel-windows-ix86+x86_64 1.6.4 46.00 186.00 232.00 OK

Additional issues

donttest

Check Details

Version: 1.6.4
Check: dependencies in R code
Result: NOTE
    Namespace in Imports field not imported from: ‘xgboost’
     All declared Imports should be used.
Flavors: r-devel-linux-x86_64-fedora-clang, r-devel-linux-x86_64-fedora-gcc, r-release-macos-arm64, r-release-macos-x86_64, r-oldrel-macos-arm64, r-oldrel-macos-x86_64