Last updated on 2023-03-30 08:53:32 CEST.
Flavor | Version | Tinstall | Tcheck | Ttotal | Status | Flags |
---|---|---|---|---|---|---|
r-devel-linux-x86_64-debian-clang | 2.7.6 | 3.82 | 36.11 | 39.93 | OK | |
r-devel-linux-x86_64-debian-gcc | 2.7.6 | 3.79 | 28.35 | 32.14 | OK | |
r-devel-linux-x86_64-fedora-clang | 2.7.6 | 51.92 | OK | |||
r-devel-linux-x86_64-fedora-gcc | 2.7.6 | 49.51 | OK | |||
r-devel-windows-x86_64 | 2.7.6 | 15.00 | 0.00 | 15.00 | OK | |
r-patched-linux-x86_64 | 2.7.6 | 3.25 | 34.62 | 37.87 | OK | |
r-release-linux-x86_64 | 2.7.6 | 4.68 | 37.03 | 41.71 | OK | |
r-release-macos-arm64 | 2.7.6 | 20.00 | OK | |||
r-release-macos-x86_64 | 2.7.6 | 27.00 | OK | |||
r-release-windows-x86_64 | 2.7.6 | 18.00 | 56.00 | 74.00 | ERROR | |
r-oldrel-macos-arm64 | 2.7.6 | 22.00 | OK | |||
r-oldrel-macos-x86_64 | 2.7.6 | 30.00 | OK | |||
r-oldrel-windows-ix86+x86_64 | 2.7.6 | 10.00 | 63.00 | 73.00 | OK |
Version: 2.7.6
Check: examples
Result: ERROR
Running examples in 'cgmanalysis-Ex.R' failed
The error most likely occurred in:
> ### Name: cgmreport
> ### Title: Generate AGP
> ### Aliases: cgmreport
>
> ### ** Examples
>
> cgmreport(system.file("extdata","Cleaned",package = "cgmanalysis"))
Error in stats::smooth(quartiles$sensorglucose5perc, kind = "3R", twiceit = TRUE) :
attempt to smooth NA values
Calls: cgmreport -> <Anonymous>
Execution halted
Flavor: r-release-windows-x86_64