CRAN Package Check Results for Package chantrics

Last updated on 2022-08-10 17:50:01 CEST.

Flavor Version Tinstall Tcheck Ttotal Status Flags
r-devel-linux-x86_64-debian-clang 1.0.0 3.35 130.23 133.58 OK
r-devel-linux-x86_64-debian-gcc 1.0.0 2.86 96.63 99.49 OK
r-devel-linux-x86_64-fedora-clang 1.0.0 161.78 NOTE
r-devel-linux-x86_64-fedora-gcc 1.0.0 160.82 NOTE
r-devel-windows-x86_64 1.0.0 23.00 165.00 188.00 OK
r-patched-linux-x86_64 1.0.0 3.74 122.79 126.53 OK
r-release-linux-x86_64 1.0.0 OK
r-release-macos-arm64 1.0.0 45.00 NOTE
r-release-macos-x86_64 1.0.0 78.00 NOTE
r-release-windows-x86_64 1.0.0 27.00 163.00 190.00 OK
r-oldrel-macos-arm64 1.0.0 50.00 NOTE
r-oldrel-macos-x86_64 1.0.0 68.00 NOTE
r-oldrel-windows-ix86+x86_64 1.0.0 9.00 162.00 171.00 OK

Check Details

Version: 1.0.0
Check: dependencies in R code
Result: NOTE
    Namespaces in Imports field not imported from:
     ‘AER’ ‘graphics’ ‘lmtest’
     All declared Imports should be used.
Flavors: r-devel-linux-x86_64-fedora-clang, r-devel-linux-x86_64-fedora-gcc, r-release-macos-arm64, r-release-macos-x86_64, r-oldrel-macos-arm64, r-oldrel-macos-x86_64