CRAN Package Check Results for Package checkr

Last updated on 2022-01-27 14:53:55 CET.

Flavor Version Tinstall Tcheck Ttotal Status Flags
r-devel-linux-x86_64-debian-clang 0.5.0 4.48 48.58 53.06 NOTE
r-devel-linux-x86_64-debian-gcc 0.5.0 3.58 38.00 41.58 NOTE
r-devel-linux-x86_64-fedora-clang 0.5.0 65.30 NOTE
r-devel-linux-x86_64-fedora-gcc 0.5.0 53.94 NOTE
r-devel-windows-x86_64-new-UL 0.5.0 80.00 85.00 165.00 NOTE
r-devel-windows-x86_64-new-TK 0.5.0 NOTE
r-patched-linux-x86_64 0.5.0 3.74 46.52 50.26 NOTE
r-release-linux-x86_64 0.5.0 4.10 47.55 51.65 NOTE
r-release-macos-arm64 0.5.0 NOTE
r-release-macos-x86_64 0.5.0 NOTE
r-release-windows-ix86+x86_64 0.5.0 8.00 64.00 72.00 NOTE
r-oldrel-macos-x86_64 0.5.0 OK
r-oldrel-windows-ix86+x86_64 0.5.0 7.00 62.00 69.00 OK

Check Details

Version: 0.5.0
Check: LazyData
Result: NOTE
     'LazyData' is specified without a 'data' directory
Flavors: r-devel-linux-x86_64-debian-clang, r-devel-linux-x86_64-debian-gcc, r-devel-linux-x86_64-fedora-clang, r-devel-linux-x86_64-fedora-gcc, r-devel-windows-x86_64-new-UL, r-devel-windows-x86_64-new-TK, r-patched-linux-x86_64, r-release-linux-x86_64, r-release-macos-arm64, r-release-macos-x86_64, r-release-windows-ix86+x86_64