CRAN Package Check Results for Package chkptstanr

Last updated on 2022-08-08 01:54:31 CEST.

Flavor Version Tinstall Tcheck Ttotal Status Flags
r-devel-linux-x86_64-debian-clang 0.1.1 20.23 191.74 211.97 NOTE
r-devel-linux-x86_64-debian-gcc 0.1.1 17.30 140.92 158.22 NOTE
r-devel-linux-x86_64-fedora-clang 0.1.1 266.64 NOTE
r-devel-linux-x86_64-fedora-gcc 0.1.1 NOTE
r-devel-windows-x86_64 0.1.1 35.00 193.00 228.00 WARN
r-patched-linux-x86_64 0.1.1 24.99 182.16 207.15 NOTE
r-release-linux-x86_64 0.1.1 12.88 179.82 192.70 NOTE
r-release-macos-arm64 0.1.1 72.00 NOTE
r-release-macos-x86_64 0.1.1 108.00 NOTE
r-release-windows-x86_64 0.1.1 36.00 212.00 248.00 NOTE
r-oldrel-macos-arm64 0.1.1 76.00 NOTE
r-oldrel-macos-x86_64 0.1.1 108.00 NOTE
r-oldrel-windows-ix86+x86_64 0.1.1 48.00 202.00 250.00 NOTE

Check Details

Version: 0.1.1
Check: package dependencies
Result: NOTE
    Package suggested but not available for checking: 'cmdstanr'
Flavors: r-devel-linux-x86_64-debian-clang, r-devel-linux-x86_64-debian-gcc, r-devel-linux-x86_64-fedora-clang, r-devel-linux-x86_64-fedora-gcc, r-devel-windows-x86_64, r-patched-linux-x86_64, r-release-linux-x86_64, r-release-macos-arm64, r-release-macos-x86_64, r-release-windows-x86_64, r-oldrel-macos-arm64, r-oldrel-macos-x86_64, r-oldrel-windows-ix86+x86_64

Version: 0.1.1
Check: Rd cross-references
Result: NOTE
    Package unavailable to check Rd xrefs: 'cmdstanr'
Flavors: r-devel-linux-x86_64-debian-clang, r-devel-linux-x86_64-debian-gcc, r-devel-linux-x86_64-fedora-clang, r-devel-linux-x86_64-fedora-gcc, r-patched-linux-x86_64, r-release-linux-x86_64, r-release-macos-arm64, r-release-macos-x86_64, r-release-windows-x86_64, r-oldrel-macos-arm64, r-oldrel-macos-x86_64, r-oldrel-windows-ix86+x86_64

Version: 0.1.1
Check: dependencies in R code
Result: NOTE
    Namespace in Imports field not imported from: ‘Rdpack’
     All declared Imports should be used.
Flavors: r-devel-linux-x86_64-fedora-clang, r-devel-linux-x86_64-fedora-gcc, r-release-macos-arm64, r-release-macos-x86_64, r-oldrel-macos-arm64, r-oldrel-macos-x86_64

Version: 0.1.1
Check: Rd cross-references
Result: WARN
    Warning in url(sprintf("%s/%s", cran, path), open = "rb") :
     URL 'https://CRAN.R-project.org/src/contrib/Meta/aliases.rds': Timeout of 60 seconds was reached
    Error in url(sprintf("%s/%s", cran, path), open = "rb") :
     cannot open the connection to 'https://CRAN.R-project.org/src/contrib/Meta/aliases.rds'
    Calls: <Anonymous> ... CRAN_aliases_db -> read_CRAN_object -> gzcon -> url
    Execution halted
Flavor: r-devel-windows-x86_64