CRAN Package Check Results for Package chkptstanr

Last updated on 2024-07-23 00:54:24 CEST.

Flavor Version Tinstall Tcheck Ttotal Status Flags
r-devel-linux-x86_64-debian-clang 0.1.1 36.89 217.23 254.12 NOTE
r-devel-linux-x86_64-debian-gcc 0.1.1 25.96 164.14 190.10 NOTE
r-devel-linux-x86_64-fedora-clang 0.1.1 331.78 NOTE
r-devel-linux-x86_64-fedora-gcc 0.1.1 314.92 NOTE
r-devel-windows-x86_64 0.1.1 22.00 156.00 178.00 NOTE
r-patched-linux-x86_64 0.1.1 35.27 213.37 248.64 NOTE
r-release-linux-x86_64 0.1.1 23.57 212.31 235.88 NOTE
r-release-macos-arm64 0.1.1 93.00 NOTE
r-release-macos-x86_64 0.1.1 124.00 NOTE
r-release-windows-x86_64 0.1.1 22.00 157.00 179.00 NOTE
r-oldrel-macos-arm64 0.1.1 90.00 NOTE
r-oldrel-macos-x86_64 0.1.1 141.00 NOTE
r-oldrel-windows-x86_64 0.1.1 28.00 195.00 223.00 NOTE

Check Details

Version: 0.1.1
Check: package dependencies
Result: NOTE Package suggested but not available for checking: ‘cmdstanr’ Flavors: r-devel-linux-x86_64-debian-clang, r-devel-linux-x86_64-debian-gcc, r-devel-linux-x86_64-fedora-clang, r-devel-linux-x86_64-fedora-gcc, r-devel-windows-x86_64, r-patched-linux-x86_64, r-release-linux-x86_64, r-release-macos-arm64, r-release-macos-x86_64, r-release-windows-x86_64, r-oldrel-macos-arm64, r-oldrel-macos-x86_64, r-oldrel-windows-x86_64

Version: 0.1.1
Check: Rd cross-references
Result: NOTE Package unavailable to check Rd xrefs: ‘cmdstanr’ Flavors: r-devel-linux-x86_64-debian-clang, r-devel-linux-x86_64-fedora-clang, r-devel-linux-x86_64-fedora-gcc, r-patched-linux-x86_64, r-release-linux-x86_64, r-release-macos-arm64, r-release-macos-x86_64, r-release-windows-x86_64, r-oldrel-macos-arm64, r-oldrel-macos-x86_64, r-oldrel-windows-x86_64

Version: 0.1.1
Check: Rd cross-references
Result: NOTE Package unavailable to check Rd xrefs: ‘cmdstanr’ Found the following Rd file(s) with Rd \link{} targets missing package anchors: chkpt_brms.Rd: brms make_brmsfit.Rd: brms Please provide package anchors for all Rd \link{} targets not in the package itself and the base packages. Flavors: r-devel-linux-x86_64-debian-gcc, r-devel-windows-x86_64

Version: 0.1.1
Check: dependencies in R code
Result: NOTE Namespace in Imports field not imported from: ‘Rdpack’ All declared Imports should be used. Flavors: r-devel-linux-x86_64-fedora-clang, r-devel-linux-x86_64-fedora-gcc