Last updated on 2023-03-27 23:55:37 CEST.
Flavor | Version | Tinstall | Tcheck | Ttotal | Status | Flags |
---|---|---|---|---|---|---|
r-devel-linux-x86_64-debian-clang | 0.8.0 | 47.11 | 521.23 | 568.34 | OK | |
r-devel-linux-x86_64-debian-gcc | 0.8.0 | 36.14 | 376.87 | 413.01 | OK | |
r-devel-linux-x86_64-fedora-clang | 0.8.0 | 683.17 | NOTE | |||
r-devel-linux-x86_64-fedora-gcc | 0.8.0 | 668.83 | OK | |||
r-devel-windows-x86_64 | 0.8.0 | 161.00 | 517.00 | 678.00 | NOTE | |
r-patched-linux-x86_64 | 0.8.0 | 43.15 | 493.09 | 536.24 | OK | |
r-release-linux-x86_64 | 0.8.0 | 36.87 | 483.94 | 520.81 | OK | |
r-release-macos-arm64 | 0.8.0 | 120.00 | NOTE | |||
r-release-macos-x86_64 | 0.8.0 | 181.00 | NOTE | |||
r-release-windows-x86_64 | 0.8.0 | 148.00 | 506.00 | 654.00 | NOTE | |
r-oldrel-macos-arm64 | 0.8.0 | 128.00 | NOTE | |||
r-oldrel-macos-x86_64 | 0.8.0 | 196.00 | NOTE | |||
r-oldrel-windows-ix86+x86_64 | 0.8.0 | 92.00 | 500.00 | 592.00 | NOTE |
Version: 0.8.0
Check: installed package size
Result: NOTE
installed size is 5.5Mb
sub-directories of 1Mb or more:
data 1.0Mb
doc 1.5Mb
help 2.2Mb
Flavors: r-devel-linux-x86_64-fedora-clang, r-devel-windows-x86_64, r-release-macos-arm64, r-release-macos-x86_64, r-release-windows-x86_64, r-oldrel-macos-arm64, r-oldrel-macos-x86_64, r-oldrel-windows-ix86+x86_64