CRAN Package Check Results for Package cholera

Last updated on 2020-02-23 10:48:46 CET.

Flavor Version Tinstall Tcheck Ttotal Status Flags
r-devel-linux-x86_64-debian-clang 0.7.0 16.94 204.71 221.65 OK
r-devel-linux-x86_64-debian-gcc 0.7.0 11.58 146.40 157.98 OK
r-devel-linux-x86_64-fedora-clang 0.7.0 241.63 OK
r-devel-linux-x86_64-fedora-gcc 0.7.0 237.04 OK
r-devel-windows-ix86+x86_64 0.7.0 25.00 196.00 221.00 OK
r-devel-windows-ix86+x86_64-gcc8 0.7.0 38.00 257.00 295.00 OK
r-patched-linux-x86_64 0.7.0 OK
r-patched-solaris-x86 0.7.0 273.90 NOTE
r-release-linux-x86_64 0.7.0 11.44 172.30 183.74 OK
r-release-windows-ix86+x86_64 0.7.0 24.00 174.00 198.00 OK
r-release-osx-x86_64 0.7.0 OK
r-oldrel-windows-ix86+x86_64 0.7.0 19.00 183.00 202.00 OK
r-oldrel-osx-x86_64 0.7.0 OK

Check Details

Version: 0.7.0
Check: installed package size
Result: NOTE
     installed size is 5.7Mb
     sub-directories of 1Mb or more:
     data 1.0Mb
     doc 1.7Mb
     help 2.3Mb
Flavor: r-patched-solaris-x86