CRAN Package Check Results for Package cholera

Last updated on 2019-09-22 08:48:11 CEST.

Flavor Version Tinstall Tcheck Ttotal Status Flags
r-devel-linux-x86_64-debian-clang 0.7.0 13.31 182.03 195.34 OK
r-devel-linux-x86_64-debian-gcc 0.7.0 12.36 134.11 146.47 OK
r-devel-linux-x86_64-fedora-clang 0.7.0 220.56 OK
r-devel-linux-x86_64-fedora-gcc 0.7.0 215.58 OK
r-devel-windows-ix86+x86_64 0.7.0 38.00 240.00 278.00 OK
r-patched-linux-x86_64 0.7.0 12.34 173.07 185.41 OK
r-patched-solaris-x86 0.7.0 272.90 NOTE
r-release-linux-x86_64 0.7.0 11.77 173.77 185.54 OK
r-release-windows-ix86+x86_64 0.7.0 24.00 180.00 204.00 OK
r-release-osx-x86_64 0.7.0 OK
r-oldrel-windows-ix86+x86_64 0.7.0 23.00 170.00 193.00 OK
r-oldrel-osx-x86_64 0.7.0 OK

Check Details

Version: 0.7.0
Check: installed package size
Result: NOTE
     installed size is 5.7Mb
     sub-directories of 1Mb or more:
     data 1.0Mb
     doc 1.7Mb
     help 2.3Mb
Flavor: r-patched-solaris-x86