CRAN Package Check Results for Package choroplethrAdmin1

Last updated on 2020-12-02 09:51:09 CET.

Flavor Version Tinstall Tcheck Ttotal Status Flags
r-devel-linux-x86_64-debian-clang 1.1.1 6.72 44.55 51.27 OK
r-devel-linux-x86_64-debian-gcc 1.1.1 5.01 36.35 41.36 OK
r-devel-linux-x86_64-fedora-clang 1.1.1 66.67 NOTE
r-devel-linux-x86_64-fedora-gcc 1.1.1 55.96 OK
r-devel-windows-ix86+x86_64 1.1.1 11.00 65.00 76.00 NOTE
r-patched-linux-x86_64 1.1.1 4.80 42.96 47.76 OK
r-patched-solaris-x86 1.1.1 92.30 NOTE
r-release-linux-x86_64 1.1.1 6.41 43.21 49.62 OK
r-release-macos-x86_64 1.1.1 NOTE
r-release-windows-ix86+x86_64 1.1.1 10.00 48.00 58.00 NOTE
r-oldrel-macos-x86_64 1.1.1 NOTE
r-oldrel-windows-ix86+x86_64 1.1.1 8.00 61.00 69.00 NOTE

Check Details

Version: 1.1.1
Check: installed package size
Result: NOTE
     installed size is 18.0Mb
     sub-directories of 1Mb or more:
     data 17.9Mb
Flavors: r-devel-linux-x86_64-fedora-clang, r-devel-windows-ix86+x86_64, r-patched-solaris-x86, r-release-macos-x86_64, r-release-windows-ix86+x86_64, r-oldrel-macos-x86_64, r-oldrel-windows-ix86+x86_64