CRAN Package Check Results for Package chromConverter

Last updated on 2022-08-16 13:49:13 CEST.

Flavor Version Tinstall Tcheck Ttotal Status Flags
r-devel-linux-x86_64-debian-clang 0.2.1 12.45 104.64 117.09 NOTE
r-devel-linux-x86_64-debian-gcc 0.2.1 10.13 78.77 88.90 NOTE
r-devel-linux-x86_64-fedora-clang 0.2.1 155.09 NOTE
r-devel-linux-x86_64-fedora-gcc 0.2.1 150.22 NOTE
r-devel-windows-x86_64 0.2.1 51.00 123.00 174.00 NOTE
r-patched-linux-x86_64 0.2.1 10.51 99.30 109.81 NOTE
r-release-linux-x86_64 0.2.1 9.12 98.95 108.07 NOTE
r-release-macos-arm64 0.2.1 41.00 NOTE
r-release-macos-x86_64 0.2.1 60.00 NOTE
r-release-windows-x86_64 0.2.1 45.00 125.00 170.00 NOTE
r-oldrel-macos-arm64 0.2.1 44.00 NOTE
r-oldrel-macos-x86_64 0.2.1 61.00 NOTE
r-oldrel-windows-ix86+x86_64 0.2.1 27.00 119.00 146.00 NOTE

Check Details

Version: 0.2.1
Check: package dependencies
Result: NOTE
    Package suggested but not available for checking: 'entab'
Flavors: r-devel-linux-x86_64-debian-clang, r-devel-linux-x86_64-debian-gcc, r-devel-linux-x86_64-fedora-clang, r-devel-linux-x86_64-fedora-gcc, r-devel-windows-x86_64, r-patched-linux-x86_64, r-release-linux-x86_64, r-release-macos-arm64, r-release-macos-x86_64, r-release-windows-x86_64, r-oldrel-macos-arm64, r-oldrel-macos-x86_64, r-oldrel-windows-ix86+x86_64

Version: 0.2.1
Check: dependencies in R code
Result: NOTE
    Namespace in Imports field not imported from: ‘readr’
     All declared Imports should be used.
Flavors: r-devel-linux-x86_64-fedora-clang, r-devel-linux-x86_64-fedora-gcc, r-release-macos-arm64, r-release-macos-x86_64, r-oldrel-macos-arm64, r-oldrel-macos-x86_64