CRAN Package Check Results for Package chromoMap

Last updated on 2019-09-23 20:47:30 CEST.

Flavor Version Tinstall Tcheck Ttotal Status Flags
r-devel-linux-x86_64-debian-clang 0.2 3.01 26.40 29.41 OK
r-devel-linux-x86_64-debian-gcc 0.2 2.41 21.08 23.49 OK
r-devel-linux-x86_64-fedora-clang 0.2 35.90 NOTE
r-devel-linux-x86_64-fedora-gcc 0.2 35.81 NOTE
r-devel-windows-ix86+x86_64 0.2 11.00 65.00 76.00 OK
r-patched-linux-x86_64 0.2 2.68 26.02 28.70 OK
r-patched-solaris-x86 0.2 57.30 NOTE
r-release-linux-x86_64 0.2 2.89 26.47 29.36 OK
r-release-windows-ix86+x86_64 0.2 9.00 55.00 64.00 OK
r-release-osx-x86_64 0.2 NOTE
r-oldrel-windows-ix86+x86_64 0.2 4.00 40.00 44.00 OK
r-oldrel-osx-x86_64 0.2 NOTE

Check Details

Version: 0.2
Check: dependencies in R code
Result: NOTE
    Namespace in Imports field not imported from: ‘htmltools’
     All declared Imports should be used.
Flavors: r-devel-linux-x86_64-fedora-clang, r-devel-linux-x86_64-fedora-gcc, r-patched-solaris-x86, r-release-osx-x86_64, r-oldrel-osx-x86_64