CRAN Package Check Results for Package circlize

Last updated on 2020-01-23 08:48:48 CET.

Flavor Version Tinstall Tcheck Ttotal Status Flags
r-devel-linux-x86_64-debian-clang 0.4.8 12.66 83.03 95.69 OK
r-devel-linux-x86_64-debian-gcc 0.4.8 9.51 62.98 72.49 OK
r-devel-linux-x86_64-fedora-clang 0.4.8 113.83 OK
r-devel-linux-x86_64-fedora-gcc 0.4.8 112.43 OK
r-devel-windows-ix86+x86_64 0.4.8 29.00 135.00 164.00 OK
r-devel-windows-ix86+x86_64-gcc8 0.4.8 28.00 137.00 165.00 OK
r-patched-linux-x86_64 0.4.8 10.07 74.18 84.25 OK
r-patched-solaris-x86 0.4.8 126.40 OK
r-release-linux-x86_64 0.4.8 12.05 74.87 86.92 OK
r-release-windows-ix86+x86_64 0.4.8 23.00 93.00 116.00 OK
r-release-osx-x86_64 0.4.8 NOTE
r-oldrel-windows-ix86+x86_64 0.4.8 16.00 80.00 96.00 OK
r-oldrel-osx-x86_64 0.4.8 OK

Additional issues

noSuggests

Check Details

Version: 0.4.8
Check: package dependencies
Result: NOTE
    Package suggested but not available for checking: ‘ComplexHeatmap’
Flavor: r-release-osx-x86_64